{"id":608,"date":"2010-08-29T13:33:31","date_gmt":"2010-08-29T11:33:31","guid":{"rendered":"http:\/\/www.webinfopoint.com\/"},"modified":"2022-03-21T15:59:47","modified_gmt":"2022-03-21T14:59:47","slug":"reisevorbereitung-mongolei","status":"publish","type":"page","link":"https:\/\/zeit.reise\/staging\/reisen-laender\/mongolei\/reisevorbereitung-mongolei\/","title":{"rendered":"Reisevorbereitung Mongolei"},"content":{"rendered":"<h5>Diese Seite beinhaltet unsere Reiseplanung und Vorbereitungen f\u00fcr die heurige Mongoleireise. Die Seite wird entsprechend dem Fortschritt stetig aktualisiert. Nach unserer R\u00fcckkehr werden wir die Informationen bewerten und kommentieren.<\/h5>\n<p><a href=\"https:\/\/8zbwaw.bay.livefilestore.com\/y1mfZn2aKL0FAY_NfrzZsA1G2wtkueWl58YS3hhudbwAEbpyUWWRWiMw9w5VM6aIbSelOT6OvtYSVjquYrbt-oQZI6QGlmbsJcYUpMLFMD8KtIYxLRku9mw3we-nxvzxDskwaWtodRWJJef29acdm1X6Q\/Flag[2].jpg\"><img loading=\"lazy\" decoding=\"async\" title=\"Mongolei\" src=\"https:\/\/8zbwaw.bay.livefilestore.com\/y1mfZn2aKL0FAY_NfrzZsA1G2wtkueWl58YS3hhudbwAEbpyUWWRWiMw9w5VM6aIbSelOT6OvtYSVjquYrbt-oQZI6QGlmbsJcYUpMLFMD8KtIYxLRku9mw3we-nxvzxDskwaWtodRWJJef29acdm1X6Q\/Flag[2].jpg\" alt=\"Mongolische Fahne\" width=\"350\" height=\"263\"><\/a><\/p>\n<p><strong>Die Reise wird aus mehreren Gr\u00fcnden ein Abenteuer. Bereits die Vorbereitung hat es in sich!<\/strong><\/p>\n<h3>Visum<\/h3>\n<ul>\n<li>Notwendigkeit einer Einladung in die Mongolei<br \/>\nWenn man nur einen Flug bucht ben\u00f6tigt man Kontakte in die Mongolei um an eine Einladung zu kommen. Wir haben nun durch Zufall von&#8221;Oasis&#8221;, einem&nbsp;Guesthouse des deutsch- \u00f6sterreichischen&nbsp;Ehepaars&nbsp;&nbsp;Sibylle &amp; Rene Poeschko&nbsp;in Ulaan Baator erfahren. Hier werden wir die ersten, sowie die&nbsp;letzten&nbsp;beiden Tage verbringenund&nbsp;Sibylle schickt uns die Einladung f\u00fcr das Visum.&nbsp;Das ganze Package zu einem absolut fairen Preis. <a title=\"Oasis Guesthouse Ulaan Baator\" href=\"http:\/\/www.intergam-oasis.com\/\" target=\"_blank\" rel=\"noopener\">Link zum Oasis Guesthouse<\/a><\/li>\n<\/ul>\n<h3>Transport unseres Land Cruiser J9 nach Ulaanbaator<\/h3>\n<ul>\n<li>Suche einer Spedition f\u00fcr den Containertransport per Bahn<br \/>\n&#8211; Nach einiger Recherche fand ich \u00fcber die Website einer Hilfsorganisation die Spedition:<\/li>\n<\/ul>\n<p><strong>M&amp;M Internationale Spedition GmbH<\/strong><\/p>\n<p><strong>Kontakt:<br \/>\n<\/strong>Heike Ziegler<br \/>\ncontainer dept. CIS \/ Mongolia<br \/>\nM&amp;M Internationale Spedition GmbH<br \/>\nMEON Gewerbepark \/ Warener Str. 5<br \/>\nD-12683 Berlin \/ Germany<br \/>\ne-Mail: <a href=\"mailto:Heike.Ziegler@mumnet.com\">Heike.Ziegler@mumnet.com<\/a>;<br \/>\nTel.: + 49 30 56 84 22 01<br \/>\nFax.: + 49 30 5 61 11 73<\/p>\n<p>Die Spedition bietet einen super Service (der Preisist auch nicht ohne). Kontaktaufnahme, Abwicklung, n\u00f6tige Infos erfolgten immer sehr rasch,&nbsp;h\u00f6flich undkompetent. Der Landcruiser J9 wird von erfahrenen Mitarbeitern vonM&amp;M in Berlin fachm\u00e4nnisch in den&nbsp;Container verladen. In Ulaan Baator k\u00fcmmert sich eine Angestellte von M&amp;M um die Formalit\u00e4ten vor Ort,&nbsp;somit sollten wir direkt ohne Zeitverlust losfahren k\u00f6nnen.<\/p>\n<ul>\n<li>Beschaffung der Zollpapiere &#8220;Carnet ATA&#8221; \u00fcberdie Wirtschaftskammer in Salzburg<br \/>\n&#8220;Carnet De Passage&#8221; w\u00e4re \u00fcber den \u00d6AMTC ebenfalls m\u00f6glich gewesen<\/li>\n<\/ul>\n<h3>Vorbereitungen und Umbauten am Land Cruiser J9<\/h3>\n<ul>\n<li>Sto\u00dfstange ARB Saharabar<\/li>\n<li>Seilwinde Tabor 9K<\/li>\n<li>TJM Fahrwerk (H\u00f6herlegung und f\u00fcr h\u00f6heres Gewicht ausgelegt)<\/li>\n<li>Reifen Dimension ge\u00e4ndert auf 265\/75\/16<\/li>\n<li>Reifen Cooper Discoverer STT<\/li>\n<li>H\u00f6herlegung der Luftansaugung &#8220;Schnorchel&#8221; Airtec<\/li>\n<li>Dachtr\u00e4ger f\u00fcrsperriges Equippment<\/li>\n<li><a title=\"Toyota LC J9 Innenausbau\" href=\"http:\/\/www.webinfopoint.com\/2010\/06\/14\/lc-innenausbau-die-zweite\" target=\"_blank\" rel=\"noopener\">Innenausbau <\/a>mit zwei Schubladen und zwei Boxen. Alles auf einer Ebene um im&nbsp;Auto schlafen zu k\u00f6nnen<\/li>\n<li>Batteriew\u00e4chter \/ Tiefentladeschutz geschalten vor Engel&nbsp;MT-35-F&nbsp;K\u00fchlbox\/Gefrierbox<\/li>\n<li>Reservekanister f\u00fcr 40 Liter Diesel<\/li>\n<\/ul>\n<p>Mehr Infos&nbsp;zuunserem Landcruiser J9 und den Umbauten: <a title=\"Toyota Landcruiser Off-Road 4x4\" href=\"http:\/\/www.webinfopoint.com\/offroad\/toyota-landcruiser\/j9_prado\/\" target=\"_blank\" rel=\"noopener\">Toyota Landcruiser Off-Road 4&#215;4<\/a><\/p>\n<p style=\"text-align: justify;\">Alle Umbauten (Schnorchel, Fahrwerk, Reifen, Sto\u00dfstange, Seilwinde)&nbsp;am Landcruiser wurden gerade noch zwei Tage vor Abfahrt erfolgreich&nbsp;typisiert.<\/p>\n<h3>Technisches Equipment f\u00fcr KFZ<\/h3>\n<ul>\n<li>Werkzeugsets f\u00fcr KFZ und allgemein<\/li>\n<li>High-Lift Wagenheber<\/li>\n<li>Axt &#8220;Fiskars 600&#8221;<\/li>\n<li>S\u00e4ge &#8220;Chain Saw Pocket&#8221;<\/li>\n<li>Schaufel &#8220;US Army Union&#8221;<\/li>\n<li>GFK Sandbleche<\/li>\n<li>Bergeausr\u00fcstung (Bergegurt, Umlenkrolle, Sch\u00e4kel, Baumgurt,..)<\/li>\n<\/ul>\n<p>Mehr Infos zur verwendeten Ausr\u00fcstung und Bezugsm\u00f6glichkeiten: <a title=\"Reise Ausr\u00fcstung Kauf\" href=\"http:\/\/www.webinfopoint.com\/outdoor\/ausruestung\/\" target=\"_blank\" rel=\"noopener\">Ausr\u00fcstung<\/a><\/p>\n<h3>Offroad Fahrtechnik<\/h3>\n<ul>\n<li>Offroad Kurs &#8220;Basic&#8221; mit <a title=\"ProVenture Off-Road Fahrtechnik Kurese\" href=\"http:\/\/www.proventure.at\/\" target=\"_blank\" rel=\"noopener\">&#8220;ProVenture&#8221;<\/a><\/li>\n<li>Expeditionscamp in Rum\u00e4nien mit <a title=\"ProVenture Off-Road Fahrtechnik Kurese\" href=\"http:\/\/www.proventure.at\/\" target=\"_blank\" rel=\"noopener\">&#8220;ProVenture&#8221;<\/a><\/li>\n<li>Zum Thema Fahren in der Mongolei:<br \/>\n&#8211; <a title=\"Blog Mongolei \u00dcberschlag Defender\" href=\"http:\/\/vielrum.com\/blog\/index.php\" target=\"_blank\" rel=\"noopener\">\u00dcberschlag in der Mongolei<\/a>mit einemLand Rover Defender<br \/>\n&#8211; <a title=\"Uf-dr-loitsch Mongolei \" href=\"http:\/\/www.uf-dr-loitsch.ch\/mongolei-1.html\">Materialfressende Mongolei<br \/>\n<\/a><\/li>\n<\/ul>\n<h3>Navigation<\/h3>\n<ul>\n<li>Navigationsger\u00e4te<br \/>\n&#8211; Garmin GPSmap 276C<br \/>\n&#8211; Touratech QV (TTQV) am Notebook (Tablett PC &#8220;Motion&#8221;) mit USB GPS Maus<\/li>\n<li>Kartenmaterial am PC<br \/>\n&#8211;&nbsp;CD Reise-Know-How: Zentral- und Ostasien f\u00fcr QV (<a title=\"Reise Know-How Zentral und Ostasien\" href=\"http:\/\/www.touratech.com\/shops\/001\/product_info.php?cPath=21_169_657&amp;products_id=6464&amp;osCsid=0272681d2fb7d2b13408a6b1f6d27080\" target=\"_blank\" rel=\"noopener\">Bezug \u00fcber Touratech<\/a>)<br \/>\n&#8211; Google Maps (offline verf\u00fcgbar&nbsp;\u00fcber das Tool &#8220;<a title=\"Cache for Google Earth\" href=\"http:\/\/www.coipos.com\/de\/\" target=\"_blank\" rel=\"noopener\">Cache for Google Earth<\/a>&#8220;)<br \/>\n&#8211; GPS for Google Earth<\/li>\n<li>\n<div>Kartenmaterial am Garmin 276C<br \/>\n&#8211; <a title=\"OSM Mongolei Karte f\u00fcr Garmin\" href=\"http:\/\/gis-lab.info\/data\/mp\/#\" target=\"_blank\" rel=\"noopener\">Open Street Map (OSM)&nbsp;Mongolei&nbsp; f\u00fcr Garmin<\/a><\/div>\n<\/li>\n<li>\n<div>Kartenmaterial Printversion<br \/>\n&#8211; Reise-Know-How: Mongolei (<a title=\"Reise-Know-How Mongolei Strassenkarte\" href=\"http:\/\/astore.amazon.de\/webihilfinfoz-21\/detail\/3831771537\" target=\"_blank\" rel=\"noopener\">Bezug \u00fcber Amazon<\/a>)<\/div>\n<\/li>\n<li>Navigationstraining<\/li>\n<\/ul>\n<h3>Reisef\u00fchrer und Literatur<\/h3>\n<ul>\n<li>Mongolei &#8211; Unterwegs im Land der Nomaden (<a title=\"Mongolei Reisef\u00fchrer Unterwegs im Land der Nomaden\" href=\"http:\/\/astore.amazon.de\/webihilfinfoz-21\/detail\/3897941678\" target=\"_blank\" rel=\"noopener\">Bezug \u00fcberAmazon<\/a>)<\/li>\n<li>Mongolei vonAmelie Schenk (<a title=\"Mongolei Amelie Schenk\" href=\"http:\/\/astore.amazon.de\/webihilfinfoz-21\/detail\/3406492835\" target=\"_blank\" rel=\"noopener\">Bezug \u00fcber Amazon<\/a>)<\/li>\n<li>Lonely Planet Mongolia (<a title=\"Lonely Planet Mongolia\" href=\"http:\/\/astore.amazon.de\/webihilfinfoz-21\/detail\/1741045789\" target=\"_blank\" rel=\"noopener\">Bezug \u00fcberAmazon<\/a>)<\/li>\n<li>Mongolisch Sprache \/ W\u00f6rterbuch: Lonely Planet Phrasebook: Mongolian (<a title=\"Mongolisch W\u00f6rterbuch Sprache\" href=\"http:\/\/astore.amazon.de\/webihilfinfoz-21\/detail\/1740591860\/276-7348661-1164629\" target=\"_blank\" rel=\"noopener\">Bezug \u00fcberAmazon<\/a>)<\/li>\n<\/ul>\n<h3>Reise- \/ Camping Equipment<\/h3>\n<ul>\n<li>K\u00fchlbox Engel &#8220;MT-35-F&#8221; 32Ltr. Kompressor<\/li>\n<li>Einbau Wechselrichter Waeco von12V auf 220V im Landcruiser fix verbaut<\/li>\n<li>Wasserbeh\u00e4lter (gesamt&nbsp;64 Liter)\/ Wasserentkeimung<\/li>\n<li>Zelt<\/li>\n<li>Selbstaufblasende Liegematten 5cm<\/li>\n<li>Gaskocher &#8220;Camping Gaz Super Carena&#8221;<\/li>\n<li>Gaslampe<\/li>\n<li>&#8220;Vorzelt&#8221; Marke Eigenbau<\/li>\n<li>&#8230;<\/li>\n<\/ul>\n<h3>Fotografie<\/h3>\n<p style=\"text-align: justify;\">F\u00fcr diese Reise haben wirfr\u00fchzeitig auch in Sachen Phtotografie aufger\u00fcstet. Eine <a title=\"Nikon D90 DSLR\" href=\"http:\/\/www.webinfopoint.com\/outdoor\/fotografie\/nikon-d90\/\" target=\"_blank\" rel=\"noopener\">Nikon D90 <\/a>mit zwei Objektiven (<a title=\"Nikon AF-S DX 18-200 VR II 3,5\" href=\"http:\/\/www.webinfopoint.com\/outdoor\/fotografie\/nikon18-200vrii\/\" target=\"_blank\" rel=\"noopener\">Nikon 18-200 AF-S DX&nbsp;VR II 3,5<\/a>und <a title=\"Nikon AF-S DX 35mm 1,8\" href=\"http:\/\/www.webinfopoint.com\/outdoor\/fotografie\/nikon-dx-35mm\/\" target=\"_blank\" rel=\"noopener\">Nikon AF-S DX 35mm 1,8<\/a>)&nbsp;und einem GPS Empf\u00e4nger (<a title=\"Solmeta Geotagger N2 GPS Receiver\" href=\"http:\/\/www.webinfopoint.com\/outdoor\/fotografie\/solmeta-geotagger-n2\/\" target=\"_blank\" rel=\"noopener\">Someta Geottagger N2<\/a>)&nbsp;werden von dieser Reisehoffentlich tolle Photos liefern und so f\u00fcr uns die Reise f\u00fcr sp\u00e4ter dokumentieren.<\/p>\n<p>Mehr Infos zur verwendeten Ausr\u00fcstung und Bezugsm\u00f6glichkeiten: <a title=\"Reise Ausr\u00fcstung Kauf\" href=\"http:\/\/www.webinfopoint.com\/outdoor\/ausruestung\/\" target=\"_blank\" rel=\"noopener\">Ausr\u00fcstung<\/a><\/p>\n<p>[ad name=&#8221;AM_MongoleiWidg&#8221;]<\/p>\n","protected":false},"excerpt":{"rendered":"<p>Diese Seite beinhaltet unsere Reiseplanung und Vorbereitungen f\u00fcr die heurige Mongoleireise. Die Seite wird entsprechend dem Fortschritt stetig aktualisiert. Nach unserer R\u00fcckkehr werden wir die Informationen bewerten und kommentieren. Die Reise wird aus mehreren Gr\u00fcnden ein Abenteuer. Bereits die Vorbereitung hat es in sich! Visum Notwendigkeit einer Einladung in die Mongolei Wenn man nur einen [&hellip;]<\/p>\n","protected":false},"author":2,"featured_media":4715,"parent":447,"menu_order":0,"comment_status":"open","ping_status":"closed","template":"","meta":{"footnotes":""},"class_list":["post-608","page","type-page","status-publish","has-post-thumbnail","hentry"],"yoast_head":"<!-- This site is optimized with the Yoast SEO plugin v26.6 - https:\/\/yoast.com\/wordpress\/plugins\/seo\/ -->\n<title>Reisevorbereitung Mongolei - ZEIT.REISE<\/title>\n<meta name=\"description\" content=\"Reisevorbereitung Mongolei: Visum, Containertransport Ulaan Bator, Tourplanung, Fahrzeugtechnik, Ausr\u00fcstung etc.\" \/>\n<meta name=\"robots\" content=\"noindex, follow, max-snippet:-1, max-image-preview:large, max-video-preview:-1\" \/>\n<meta property=\"og:locale\" content=\"en_US\" \/>\n<meta property=\"og:type\" content=\"article\" \/>\n<meta property=\"og:title\" content=\"Reisevorbereitung Mongolei - ZEIT.REISE\" \/>\n<meta property=\"og:description\" content=\"Reisevorbereitung Mongolei: Visum, Containertransport Ulaan Bator, Tourplanung, Fahrzeugtechnik, Ausr\u00fcstung etc.\" \/>\n<meta property=\"og:url\" content=\"https:\/\/zeit.reise\/staging\/reisen-laender\/mongolei\/reisevorbereitung-mongolei\/\" \/>\n<meta property=\"og:site_name\" content=\"ZEIT.REISE\" \/>\n<meta property=\"article:publisher\" content=\"https:\/\/www.facebook.com\/meineZEITmeineREISE\/\" \/>\n<meta property=\"article:modified_time\" content=\"2022-03-21T14:59:47+00:00\" \/>\n<meta property=\"og:image\" content=\"https:\/\/zeit.reise\/staging\/wp-content\/uploads\/2022\/02\/Amarbayasgalant-scaled.jpg\" \/>\n\t<meta property=\"og:image:width\" content=\"2560\" \/>\n\t<meta property=\"og:image:height\" content=\"1700\" \/>\n\t<meta property=\"og:image:type\" content=\"image\/jpeg\" \/>\n<meta name=\"twitter:card\" content=\"summary_large_image\" \/>\n<meta name=\"twitter:site\" content=\"@zeit_reise\" \/>\n<meta name=\"twitter:label1\" content=\"Est. reading time\" \/>\n\t<meta name=\"twitter:data1\" content=\"4 minutes\" \/>\n<script type=\"application\/ld+json\" class=\"yoast-schema-graph\">{\"@context\":\"https:\/\/schema.org\",\"@graph\":[{\"@type\":\"WebPage\",\"@id\":\"https:\/\/zeit.reise\/staging\/reisen-laender\/mongolei\/reisevorbereitung-mongolei\/\",\"url\":\"https:\/\/zeit.reise\/staging\/reisen-laender\/mongolei\/reisevorbereitung-mongolei\/\",\"name\":\"Reisevorbereitung Mongolei - ZEIT.REISE\",\"isPartOf\":{\"@id\":\"https:\/\/zeit.reise\/staging\/#website\"},\"primaryImageOfPage\":{\"@id\":\"https:\/\/zeit.reise\/staging\/reisen-laender\/mongolei\/reisevorbereitung-mongolei\/#primaryimage\"},\"image\":{\"@id\":\"https:\/\/zeit.reise\/staging\/reisen-laender\/mongolei\/reisevorbereitung-mongolei\/#primaryimage\"},\"thumbnailUrl\":\"https:\/\/zeit.reise\/staging\/wp-content\/uploads\/2022\/02\/Amarbayasgalant-scaled.jpg\",\"datePublished\":\"2010-08-29T11:33:31+00:00\",\"dateModified\":\"2022-03-21T14:59:47+00:00\",\"description\":\"Reisevorbereitung Mongolei: Visum, Containertransport Ulaan Bator, Tourplanung, Fahrzeugtechnik, Ausr\u00fcstung etc.\",\"breadcrumb\":{\"@id\":\"https:\/\/zeit.reise\/staging\/reisen-laender\/mongolei\/reisevorbereitung-mongolei\/#breadcrumb\"},\"inLanguage\":\"en-US\",\"potentialAction\":[{\"@type\":\"ReadAction\",\"target\":[\"https:\/\/zeit.reise\/staging\/reisen-laender\/mongolei\/reisevorbereitung-mongolei\/\"]}]},{\"@type\":\"ImageObject\",\"inLanguage\":\"en-US\",\"@id\":\"https:\/\/zeit.reise\/staging\/reisen-laender\/mongolei\/reisevorbereitung-mongolei\/#primaryimage\",\"url\":\"https:\/\/zeit.reise\/staging\/wp-content\/uploads\/2022\/02\/Amarbayasgalant-scaled.jpg\",\"contentUrl\":\"https:\/\/zeit.reise\/staging\/wp-content\/uploads\/2022\/02\/Amarbayasgalant-scaled.jpg\",\"width\":2560,\"height\":1700},{\"@type\":\"BreadcrumbList\",\"@id\":\"https:\/\/zeit.reise\/staging\/reisen-laender\/mongolei\/reisevorbereitung-mongolei\/#breadcrumb\",\"itemListElement\":[{\"@type\":\"ListItem\",\"position\":1,\"name\":\"Home\",\"item\":\"https:\/\/zeit.reise\/staging\/\"},{\"@type\":\"ListItem\",\"position\":2,\"name\":\"Reisen | L\u00e4nder\",\"item\":\"https:\/\/zeit.reise\/staging\/reisen-laender\/\"},{\"@type\":\"ListItem\",\"position\":3,\"name\":\"2010 Mongolei\",\"item\":\"https:\/\/zeit.reise\/staging\/reisen-laender\/mongolei\/\"},{\"@type\":\"ListItem\",\"position\":4,\"name\":\"Reisevorbereitung Mongolei\"}]},{\"@type\":\"WebSite\",\"@id\":\"https:\/\/zeit.reise\/staging\/#website\",\"url\":\"https:\/\/zeit.reise\/staging\/\",\"name\":\"ZEIT.REISE\",\"description\":\"Exploring Planet Earth\",\"publisher\":{\"@id\":\"https:\/\/zeit.reise\/staging\/#organization\"},\"potentialAction\":[{\"@type\":\"SearchAction\",\"target\":{\"@type\":\"EntryPoint\",\"urlTemplate\":\"https:\/\/zeit.reise\/staging\/?s={search_term_string}\"},\"query-input\":{\"@type\":\"PropertyValueSpecification\",\"valueRequired\":true,\"valueName\":\"search_term_string\"}}],\"inLanguage\":\"en-US\"},{\"@type\":\"Organization\",\"@id\":\"https:\/\/zeit.reise\/staging\/#organization\",\"name\":\"ZEIT.REISE\",\"url\":\"https:\/\/zeit.reise\/staging\/\",\"logo\":{\"@type\":\"ImageObject\",\"inLanguage\":\"en-US\",\"@id\":\"https:\/\/zeit.reise\/staging\/#\/schema\/logo\/image\/\",\"url\":\"https:\/\/zeit.reise\/staging\/wp-content\/uploads\/2021\/11\/ZeitReise_Logo_RGB.png\",\"contentUrl\":\"https:\/\/zeit.reise\/staging\/wp-content\/uploads\/2021\/11\/ZeitReise_Logo_RGB.png\",\"width\":4215,\"height\":3887,\"caption\":\"ZEIT.REISE\"},\"image\":{\"@id\":\"https:\/\/zeit.reise\/staging\/#\/schema\/logo\/image\/\"},\"sameAs\":[\"https:\/\/www.facebook.com\/meineZEITmeineREISE\/\",\"https:\/\/x.com\/zeit_reise\",\"https:\/\/www.instagram.com\/zeit.reise_\/\",\"https:\/\/www.pinterest.at\/zeit_reise\/\",\"https:\/\/www.youtube.com\/channel\/UCYXUOAgpto2yntxx2TFronQ\"]}]}<\/script>\n<!-- \/ Yoast SEO plugin. -->","yoast_head_json":{"title":"Reisevorbereitung Mongolei - ZEIT.REISE","description":"Reisevorbereitung Mongolei: Visum, Containertransport Ulaan Bator, Tourplanung, Fahrzeugtechnik, Ausr\u00fcstung etc.","robots":{"index":"noindex","follow":"follow","max-snippet":"max-snippet:-1","max-image-preview":"max-image-preview:large","max-video-preview":"max-video-preview:-1"},"og_locale":"en_US","og_type":"article","og_title":"Reisevorbereitung Mongolei - ZEIT.REISE","og_description":"Reisevorbereitung Mongolei: Visum, Containertransport Ulaan Bator, Tourplanung, Fahrzeugtechnik, Ausr\u00fcstung etc.","og_url":"https:\/\/zeit.reise\/staging\/reisen-laender\/mongolei\/reisevorbereitung-mongolei\/","og_site_name":"ZEIT.REISE","article_publisher":"https:\/\/www.facebook.com\/meineZEITmeineREISE\/","article_modified_time":"2022-03-21T14:59:47+00:00","og_image":[{"width":2560,"height":1700,"url":"https:\/\/zeit.reise\/staging\/wp-content\/uploads\/2022\/02\/Amarbayasgalant-scaled.jpg","type":"image\/jpeg"}],"twitter_card":"summary_large_image","twitter_site":"@zeit_reise","twitter_misc":{"Est. reading time":"4 minutes"},"schema":{"@context":"https:\/\/schema.org","@graph":[{"@type":"WebPage","@id":"https:\/\/zeit.reise\/staging\/reisen-laender\/mongolei\/reisevorbereitung-mongolei\/","url":"https:\/\/zeit.reise\/staging\/reisen-laender\/mongolei\/reisevorbereitung-mongolei\/","name":"Reisevorbereitung Mongolei - ZEIT.REISE","isPartOf":{"@id":"https:\/\/zeit.reise\/staging\/#website"},"primaryImageOfPage":{"@id":"https:\/\/zeit.reise\/staging\/reisen-laender\/mongolei\/reisevorbereitung-mongolei\/#primaryimage"},"image":{"@id":"https:\/\/zeit.reise\/staging\/reisen-laender\/mongolei\/reisevorbereitung-mongolei\/#primaryimage"},"thumbnailUrl":"https:\/\/zeit.reise\/staging\/wp-content\/uploads\/2022\/02\/Amarbayasgalant-scaled.jpg","datePublished":"2010-08-29T11:33:31+00:00","dateModified":"2022-03-21T14:59:47+00:00","description":"Reisevorbereitung Mongolei: Visum, Containertransport Ulaan Bator, Tourplanung, Fahrzeugtechnik, Ausr\u00fcstung etc.","breadcrumb":{"@id":"https:\/\/zeit.reise\/staging\/reisen-laender\/mongolei\/reisevorbereitung-mongolei\/#breadcrumb"},"inLanguage":"en-US","potentialAction":[{"@type":"ReadAction","target":["https:\/\/zeit.reise\/staging\/reisen-laender\/mongolei\/reisevorbereitung-mongolei\/"]}]},{"@type":"ImageObject","inLanguage":"en-US","@id":"https:\/\/zeit.reise\/staging\/reisen-laender\/mongolei\/reisevorbereitung-mongolei\/#primaryimage","url":"https:\/\/zeit.reise\/staging\/wp-content\/uploads\/2022\/02\/Amarbayasgalant-scaled.jpg","contentUrl":"https:\/\/zeit.reise\/staging\/wp-content\/uploads\/2022\/02\/Amarbayasgalant-scaled.jpg","width":2560,"height":1700},{"@type":"BreadcrumbList","@id":"https:\/\/zeit.reise\/staging\/reisen-laender\/mongolei\/reisevorbereitung-mongolei\/#breadcrumb","itemListElement":[{"@type":"ListItem","position":1,"name":"Home","item":"https:\/\/zeit.reise\/staging\/"},{"@type":"ListItem","position":2,"name":"Reisen | L\u00e4nder","item":"https:\/\/zeit.reise\/staging\/reisen-laender\/"},{"@type":"ListItem","position":3,"name":"2010 Mongolei","item":"https:\/\/zeit.reise\/staging\/reisen-laender\/mongolei\/"},{"@type":"ListItem","position":4,"name":"Reisevorbereitung Mongolei"}]},{"@type":"WebSite","@id":"https:\/\/zeit.reise\/staging\/#website","url":"https:\/\/zeit.reise\/staging\/","name":"ZEIT.REISE","description":"Exploring Planet Earth","publisher":{"@id":"https:\/\/zeit.reise\/staging\/#organization"},"potentialAction":[{"@type":"SearchAction","target":{"@type":"EntryPoint","urlTemplate":"https:\/\/zeit.reise\/staging\/?s={search_term_string}"},"query-input":{"@type":"PropertyValueSpecification","valueRequired":true,"valueName":"search_term_string"}}],"inLanguage":"en-US"},{"@type":"Organization","@id":"https:\/\/zeit.reise\/staging\/#organization","name":"ZEIT.REISE","url":"https:\/\/zeit.reise\/staging\/","logo":{"@type":"ImageObject","inLanguage":"en-US","@id":"https:\/\/zeit.reise\/staging\/#\/schema\/logo\/image\/","url":"https:\/\/zeit.reise\/staging\/wp-content\/uploads\/2021\/11\/ZeitReise_Logo_RGB.png","contentUrl":"https:\/\/zeit.reise\/staging\/wp-content\/uploads\/2021\/11\/ZeitReise_Logo_RGB.png","width":4215,"height":3887,"caption":"ZEIT.REISE"},"image":{"@id":"https:\/\/zeit.reise\/staging\/#\/schema\/logo\/image\/"},"sameAs":["https:\/\/www.facebook.com\/meineZEITmeineREISE\/","https:\/\/x.com\/zeit_reise","https:\/\/www.instagram.com\/zeit.reise_\/","https:\/\/www.pinterest.at\/zeit_reise\/","https:\/\/www.youtube.com\/channel\/UCYXUOAgpto2yntxx2TFronQ"]}]}},"_links":{"self":[{"href":"https:\/\/zeit.reise\/staging\/wp-json\/wp\/v2\/pages\/608","targetHints":{"allow":["GET"]}}],"collection":[{"href":"https:\/\/zeit.reise\/staging\/wp-json\/wp\/v2\/pages"}],"about":[{"href":"https:\/\/zeit.reise\/staging\/wp-json\/wp\/v2\/types\/page"}],"author":[{"embeddable":true,"href":"https:\/\/zeit.reise\/staging\/wp-json\/wp\/v2\/users\/2"}],"replies":[{"embeddable":true,"href":"https:\/\/zeit.reise\/staging\/wp-json\/wp\/v2\/comments?post=608"}],"version-history":[{"count":0,"href":"https:\/\/zeit.reise\/staging\/wp-json\/wp\/v2\/pages\/608\/revisions"}],"up":[{"embeddable":true,"href":"https:\/\/zeit.reise\/staging\/wp-json\/wp\/v2\/pages\/447"}],"wp:featuredmedia":[{"embeddable":true,"href":"https:\/\/zeit.reise\/staging\/wp-json\/wp\/v2\/media\/4715"}],"wp:attachment":[{"href":"https:\/\/zeit.reise\/staging\/wp-json\/wp\/v2\/media?parent=608"}],"curies":[{"name":"wp","href":"https:\/\/api.w.org\/{rel}","templated":true}]}}