{"id":447,"date":"2010-06-17T13:08:11","date_gmt":"2010-06-17T11:08:11","guid":{"rendered":"http:\/\/www.webinfopoint.com\/?page_id=447"},"modified":"2022-04-19T05:58:12","modified_gmt":"2022-04-19T04:58:12","slug":"mongolei","status":"publish","type":"page","link":"https:\/\/zeit.reise\/staging\/reisen-laender\/mongolei\/","title":{"rendered":"2010 Mongolei"},"content":{"rendered":"<h2 style=\"text-align: center;\">Eine faszinierende Mongolei Reise liegt nun\u00a0hinter uns.<\/h2>\n<h5 style=\"text-align: left;\">Auf dieser Seite haben wir unsere ganz\u00a0pers\u00f6nlichen Eindr\u00fccke und Erlebnisse\u00a0vom Land und dessen Bewohnern, sowie n\u00fctzliche Infos\u00a0zusammengestellt.<\/h5>\n<ul>\n<li>\n<h6>Hier findet\u00a0ihr die\u00a0vorangegangenen <a href=\"http:\/\/www.no-mads.net\/reisen-abenteuer\/laender\/mongolei\/mongolei-2010-reisevorbereitungen\/\">Reisevorbereitungen<\/a><\/h6>\n<\/li>\n<li>\n<h6>Und hier gehts zu unserem <a title=\"Blog Mongoleireise 2010\" href=\"http:\/\/www.no-mads.net\/category\/lander\/mongolei\/\" target=\"_blank\" rel=\"noopener noreferrer\">Mongolei Reisetagebuch<\/a><\/h6>\n<\/li>\n<\/ul>\n<h2>Reisen durch die Mongolei:<\/h2>\n<h3><strong>Anreise<\/strong><\/h3>\n<p>Visum:<\/p>\n<p>\u00d6sterreicher ben\u00f6tigen f\u00fcr den Visumantrag eine Einladung aus der Mongolei. Es gen\u00fcgt die Best\u00e4tigung einer gebuchten Unterkunft. In unserem Fall hat uns hier, wie so oft, Sibylle vom Guesthouse Oasis geholfen.<\/p>\n<p>Caf\u00e9 and Guesthouse,<br \/>\nRene and Sybille Poeschko<br \/>\nP.O.Box 528<br \/>\nUlaanbaatar<br \/>\n210349<br \/>\nMongolia<\/p>\n<p>Tel: (976) 99284702, 99146601<br \/>\nInternet: <a title=\"Oasis Guesthouse Ulaan Bataar\" href=\"http:\/\/www.intergam-oasis.com\/\" target=\"_blank\" rel=\"noopener noreferrer\">www.intergam-oasis.com<\/a><\/p>\n<p>Deutsche Staatsb\u00fcrger ben\u00f6tigen keine Einladung.<\/p>\n<p>Das ausgef\u00fcllte <a title=\"Visa Antragsformular Tourist Mongolei\" href=\"http:\/\/www.embassymon.at\/download\/Visa.Application.Form.Tourist.pdf\" target=\"_blank\" rel=\"noopener noreferrer\">Antragsformular <\/a>wird gemeinsam mit dem Pa\u00df, einem Pa\u00dffoto und der Einladung and die <a title=\"Mongolische Botschaft Wien \u00d6sterreich\" href=\"http:\/\/www.embassymon.at\/consul.html\" target=\"_blank\" rel=\"noopener noreferrer\">Botschaft in Wien<\/a>\u00a0geschickt. Die Antragsgeb\u00fchr Nach ca. 1 Woche kommt der Pa\u00df wieder retour.<\/p>\n<p>Fl\u00fcge:<\/p>\n<p>Unser Flug mit Aeroflot ging f\u00fcr 1.030,&#8211; \u20ac pro Person von M\u00fcnchen \u00fcber Moskau nach Ulaan Bataar, Infos und Buchen bei <a title=\"Aeroflot\" href=\"http:\/\/www.aeroflot.com\/cms\/en\" target=\"_blank\" rel=\"noopener noreferrer\">Aeroflot<\/a>. Beide Fl\u00fcge wurden mit aktuellen Maschinen vom Typ Boing und Airbus durchgef\u00fchrt, wir haben an Aeroflot nichts auszusetzen gefunden. Sicherheitshalber haben wir zwei Tage vor R\u00fcckflug unsere Buchung telefonisch bei Aeroflot best\u00e4tigt.<\/p>\n<p>Ein Direktflug von Berlin nach Ulaan Bataar mit w\u00e4re mit <a href=\"http:\/\/www.aeroflot.com\/cms\/en\" target=\"_blank\" rel=\"noopener noreferrer\">MIAT<\/a>, der mongolischen Fluglinie m\u00f6glich.<\/p>\n<p>Fl\u00fcge f\u00fcr die Monate Juli und August sollten rechtzeitig gebucht werden!<\/p>\n<p>Papiere:<\/p>\n<p>Beim \u00d6AMTC haben wir alle etwaig von den lokalen Beh\u00f6rden gew\u00fcnschten Papiere wie internationalen F\u00fchrerschein und internationalen Zulassungsschein besorgt. Wir wurden in der Mongolei kein einziges mal angehalten, daher haben wir auch keine Erfahrungen mit den lokalen Ordnungsh\u00fctern gemacht. Die Dokumente mitzuf\u00fchren schadet sicher nicht, die Kosten halten sich ja auch in Grenzen.<\/p>\n<p>Bez\u00fcglich Haftpflichtversicherung f\u00fcr die Mongolei haben wir uns vor Ort in Ulaanbaatar erkundigt. Da aber niemand wu\u00dfte wo und wie, d\u00fcrften wahrscheinlich alle Individualreisenden ohne Versicherung unterwegs sein. In der Mongolei ist es aber sehr unwahrscheinlich, da\u00df man Schaden an einem anderen Fahrzeug verursacht, au\u00dfer eventuell im wahnwitzigen Verkehr in Ulaanbaatar, wo man aber sicher auch ohne Versicherung einen Blechschaden (mehr geht sich im permanenten stop-and-go Verkehr nicht aus) selbst l\u00f6sen kann.<\/p>\n<h3><strong>Autotransport<\/strong><\/h3>\n<p>Der Containertransport\u00a0in die Mongolei\u00a0erfolgte mit der Spedition M&amp;M. Das Auto wurde\u00a0nach Berlin zum Firmensitzvon M&amp;M\u00a0gebracht, wo es in einen 20 Fu\u00df Container verladen wurde um dann mit der Transsibirischen Eisenbahn \u00fcber Polen, Wei\u00dfrussland, Ru\u00dfland in die Mongolei nach Ulaan Bataar zu kommen. Die Transportdauer betrug 5 Wochen.<\/p>\n<p>Kosten f\u00fcr den PKW Container Transport in die Mongolei:<\/p>\n<p>2.800,&#8211; \u20ac f\u00fcr 2 PKW in einem 40 Fu\u00df Container mit der Bahn \u00fcber Russland<\/p>\n<p>4.200,&#8211; \u20ac f\u00fcr 1 PKW in einem 20 Fu\u00df Container mit der Bahn \u00fcber Russland<\/p>\n<p>2.200,&#8211; \u20ac f\u00fcr 1 PKW per Container \u00fcber den Seeweg nach Hamburg<\/p>\n<p>Den perfekten Hin- als auch R\u00fccktransport hat f\u00fcr uns die Firma M&amp;M organisiert:<\/p>\n<p><strong>M&amp;M Internationale Spedition GmbH<\/strong><\/p>\n<p><strong>Kontakt:<br \/>\n<\/strong>Heike Ziegler<br \/>\ncontainer dept. CIS \/ Mongolia<br \/>\nM&amp;M Internationale Spedition GmbH<br \/>\nMEON Gewerbepark \/ Warener Str. 5<br \/>\nD-12683 Berlin \/ Germany<br \/>\ne-Mail: <a href=\"mailto:Heike.Ziegler@mumnet.com\">Heike.Ziegler@mumnet.com<\/a>;<br \/>\nTel.: + 49 30 56 84 22 01<br \/>\nFax.: + 49 30 5 61 11 73<\/p>\n<p>M&amp;M ist absolut empfehlenswert &#8211; freundlich, kompetent und zuverl\u00e4ssig!<\/p>\n<p>Zollpapiere:\u00a0&#8220;Carnet ATA&#8221; , ausgestellt von der Wirtschaftskammer in Salzburg (G\u00fcltigkeitsdauer 1 Jahr ab Ausstellungsdatum) . Die Ausstellung des Carnets erfolgte sehr gewissenhaft und unproblematisch \u2013 vielen Dank!<\/p>\n<h3><strong>Reiseversicherung<\/strong><\/h3>\n<p style=\"text-align: justify;\">Eine Reiseversicherung haben wir f\u00fcr den Zeitraum der Reise bei der \u201e<a href=\"http:\/\/www.europaeische.at\/\">Europ\u00e4ischen<\/a>\u201c abgeschlossen. Zum Gl\u00fcck nicht ben\u00f6tigt, daher keine Erfahrungen.<\/p>\n<h3><strong>Land und Leute<\/strong><\/h3>\n<p>Bei den Vorbereitungen auf unsere Reise stolperten wir in der Literatur immer wieder \u00fcber das Versprechen, in der Mongolei die wohl gastfreundlichsten Menschen der Welt anzutreffen. Und so war es dann auch. Immer wieder, oftmals v\u00f6llig unerwartet, wurden wir aufs freundlichste eingeladen, bewirtet und in den Kreis der Familie mit aufgenommen. Nicht nur die Versorgung mit Speis und Trank vor Ort schien den Mongolen und Mongolinnen dabei am Herzen zu liegen. Wo m\u00f6glich, erhielten wir auch noch Geschenke in Form von Wegzehrung f\u00fcr unsere weitere Reise: K\u00e4se, Milchtee oder die Reste vom gekochten Fleisch, sollten uns auf unserem Weg bei Kr\u00e4ften halten. Am Anfang noch etwas \u00fcberrascht, begegneten wir gegen Ende unserer Fahrt auch schon fast routiniert dem Wunsch vieler unserer Gastgeber, wir m\u00f6gen doch in eines ihrer traditionellen mongolischen Gew\u00e4nder schl\u00fcpfen, und dann davon Fotos schie\u00dfen lassen. An vielen Ecken und Enden also lie\u00dfen unsere Gastgeber Ber\u00fchrungspunkte mit ihrem Leben zu, die in europ\u00e4ischen Breiten wohl kaum anzutreffen sind. Selbst die sprachliche Barriere, die den Versuch einer Unterhaltung oftmals mehr als holprig gestaltete, wurde immer wieder mit viel M\u00fche sowie H\u00e4nden und F\u00fc\u00dfen zu \u00fcberwinden versucht. Und nicht zuletzt \u2013 ein L\u00e4cheln ist DAS internationales Kommunikationsmittel schlechthin\u2026 und \u00fcber viel Unverstandenes, wurde schlie\u00dflich einfach gemeinsam hinweg gelacht. In der von uns konsultierten Reiseliteratur nicht erw\u00e4hnt, und daher f\u00fcr uns auch besonders \u00fcberraschend, war die Schattenseite mancher Begegnungen mit den Menschen der Mongolei. Denn w\u00e4hrend auf der einen Seite die Herzlichkeit und Offenheit der einen Familie nicht zu \u00fcbertreffen schien, waren wir andernorts immer wieder konfrontiert mit P\u00f6belei und Aggression. Der Ausl\u00f6ser f\u00fcr diese traurige Erfahrung friedlich gesinnter Reisender schien immer derselbe: Alkohol. Tats\u00e4chlich berichten uns viele langj\u00e4hrige Mongoleierfahrene, wie auch so mancher Einheimische selbst, von diesem Problem, das die Menschen in diesem Land nicht loszulassen scheint: der Alkohol zerst\u00f6rt viele Familien, Arbeitspl\u00e4tze, ja nicht zuletzt das ganze Leben der betroffenen Menschen selbst. Meist sind es die M\u00e4nner, die ihm \u2013 oftmals auf der vergeblichen Suche nach einer Aufgabe in ihrem sich ver\u00e4ndernden Umfeld \u2013 verfallen und nicht mehr von ihm loskommen. Die Resultate sind Frustration, Lethargie und gleichzeitige Gewaltbereitschaft, unter denen das Umfeld zu leiden hat. Gegen Ende unserer Reise gerieten wir mit dieser Facette des Landes, die wir durch die eine oder andere Begegnung bislang nur erahnt hatten, in direkten Kontakt. Ein sehnlich erwarteter \u00dcbernachtungsplatz wurde uns vereitelt, da uns dort in der N\u00e4he hausende Landarbeiter Besuche abstatteten, die einen mehr als unangenehmen Unterton hatten und von unpassend zudringlichem Verhalten gezeichnet waren. Dazu kam die permanente Aufforderung, wir m\u00f6gen unseren bereits deutlich alkoholisierten G\u00e4sten doch endlich Schnaps servieren (was wir, selbst wenn wir dies gewollt h\u00e4tten, nicht gekonnt h\u00e4tten). All dies und mehr lie\u00df uns schlie\u00dflich zu einer zur Weiterreise eigentlich zu sp\u00e4ten Stunde aufbrechen, und das Weite suchen \u2013 eine drastische Ma\u00dfnahme, die wir bislang noch nie auf einer unserer Reisen als notwendig erachtet hatten.<\/p>\n<p>An diesem Abend erreichte nun also die Doppelgesichtigkeit unserer Erfahrungen mit den Menschen der Mongolei ihren H\u00f6hepunkt \u2013 denn so unangenehm und beunruhigend die Besuche der erw\u00e4hnten Landarbeiter waren, so freundlich wurden wir nur einige Kilometer weiter von einer mongolischen Familie in deren Jurten aufgenommen. Dort verbrachten wir den Abend mit gemeinsamem Fischen, Kochen, Plaudern sowie einem Ausritt und dem kl\u00e4glichen Versuch einer europ\u00e4ischen St\u00e4dterin, eine Kuh zu melken. Dennoch, der bittere Nachgeschmack blieb, denn nur wenig sp\u00e4ter folgten die Landarbeiter unserem Weg und der sich schon davor sp\u00fcrbar anbahnende Konflikt entlud sich schlie\u00dflich in einem blutigen Streit der betrunkenen mongolischen Arbeiter untereinander.<\/p>\n<p>Nachhause fuhren wir beide mit dem zur\u00fcck bleibenden Gef\u00fchl, dass die Mongolei wohl nicht nur landschaftlich ein Land voller Gegens\u00e4tze ist, und der Dankbarkeit, f\u00fcr die vielen tats\u00e4chlich herzlichen Begegnungen, die uns dort erwartet hatten.<\/p>\n<h3>Photos unserer Mongoleireise:<\/h3>\n<h3 style=\"text-align: justify;\"><\/h3>\n","protected":false},"excerpt":{"rendered":"<p>Eine faszinierende Mongolei Reise liegt nun\u00a0hinter uns. Auf dieser Seite haben wir unsere ganz\u00a0pers\u00f6nlichen Eindr\u00fccke und Erlebnisse\u00a0vom Land und dessen Bewohnern, sowie n\u00fctzliche Infos\u00a0zusammengestellt. Hier findet\u00a0ihr die\u00a0vorangegangenen Reisevorbereitungen Und hier gehts zu unserem Mongolei Reisetagebuch Reisen durch die Mongolei: Anreise Visum: \u00d6sterreicher ben\u00f6tigen f\u00fcr den Visumantrag eine Einladung aus der Mongolei. Es gen\u00fcgt die Best\u00e4tigung [&hellip;]<\/p>\n","protected":false},"author":2,"featured_media":5168,"parent":2408,"menu_order":14,"comment_status":"open","ping_status":"closed","template":"","meta":{"footnotes":""},"class_list":["post-447","page","type-page","status-publish","has-post-thumbnail","hentry"],"yoast_head":"<!-- This site is optimized with the Yoast SEO plugin v26.6 - https:\/\/yoast.com\/wordpress\/plugins\/seo\/ -->\n<title>2010 Mongolei - ZEIT.REISE<\/title>\n<meta name=\"description\" content=\"Unsere pers\u00f6nlichen Eindr\u00fccke und Erlebnisse unserer Mongolei Reise, dem Land und dessen Bewohnern, sowie n\u00fctzliche Infos\" \/>\n<meta name=\"robots\" content=\"noindex, follow, max-snippet:-1, max-image-preview:large, max-video-preview:-1\" \/>\n<meta property=\"og:locale\" content=\"en_US\" \/>\n<meta property=\"og:type\" content=\"article\" \/>\n<meta property=\"og:title\" content=\"2010 Mongolei - ZEIT.REISE\" \/>\n<meta property=\"og:description\" content=\"Unsere pers\u00f6nlichen Eindr\u00fccke und Erlebnisse unserer Mongolei Reise, dem Land und dessen Bewohnern, sowie n\u00fctzliche Infos\" \/>\n<meta property=\"og:url\" content=\"https:\/\/zeit.reise\/staging\/reisen-laender\/mongolei\/\" \/>\n<meta property=\"og:site_name\" content=\"ZEIT.REISE\" \/>\n<meta property=\"article:publisher\" content=\"https:\/\/www.facebook.com\/meineZEITmeineREISE\/\" \/>\n<meta property=\"article:modified_time\" content=\"2022-04-19T04:58:12+00:00\" \/>\n<meta property=\"og:image\" content=\"https:\/\/zeit.reise\/staging\/wp-content\/uploads\/2022\/02\/Amarbayasgalant-1-scaled-e1645890650143.jpg\" \/>\n\t<meta property=\"og:image:width\" content=\"1600\" \/>\n\t<meta property=\"og:image:height\" content=\"532\" \/>\n\t<meta property=\"og:image:type\" content=\"image\/jpeg\" \/>\n<meta name=\"twitter:card\" content=\"summary_large_image\" \/>\n<meta name=\"twitter:site\" content=\"@zeit_reise\" \/>\n<meta name=\"twitter:label1\" content=\"Est. reading time\" \/>\n\t<meta name=\"twitter:data1\" content=\"6 minutes\" \/>\n<script type=\"application\/ld+json\" class=\"yoast-schema-graph\">{\"@context\":\"https:\/\/schema.org\",\"@graph\":[{\"@type\":\"WebPage\",\"@id\":\"https:\/\/zeit.reise\/staging\/reisen-laender\/mongolei\/\",\"url\":\"https:\/\/zeit.reise\/staging\/reisen-laender\/mongolei\/\",\"name\":\"2010 Mongolei - ZEIT.REISE\",\"isPartOf\":{\"@id\":\"https:\/\/zeit.reise\/staging\/#website\"},\"primaryImageOfPage\":{\"@id\":\"https:\/\/zeit.reise\/staging\/reisen-laender\/mongolei\/#primaryimage\"},\"image\":{\"@id\":\"https:\/\/zeit.reise\/staging\/reisen-laender\/mongolei\/#primaryimage\"},\"thumbnailUrl\":\"https:\/\/zeit.reise\/staging\/wp-content\/uploads\/2022\/02\/Amarbayasgalant-1-scaled-e1645890650143.jpg\",\"datePublished\":\"2010-06-17T11:08:11+00:00\",\"dateModified\":\"2022-04-19T04:58:12+00:00\",\"description\":\"Unsere pers\u00f6nlichen Eindr\u00fccke und Erlebnisse unserer Mongolei Reise, dem Land und dessen Bewohnern, sowie n\u00fctzliche Infos\",\"breadcrumb\":{\"@id\":\"https:\/\/zeit.reise\/staging\/reisen-laender\/mongolei\/#breadcrumb\"},\"inLanguage\":\"en-US\",\"potentialAction\":[{\"@type\":\"ReadAction\",\"target\":[\"https:\/\/zeit.reise\/staging\/reisen-laender\/mongolei\/\"]}]},{\"@type\":\"ImageObject\",\"inLanguage\":\"en-US\",\"@id\":\"https:\/\/zeit.reise\/staging\/reisen-laender\/mongolei\/#primaryimage\",\"url\":\"https:\/\/zeit.reise\/staging\/wp-content\/uploads\/2022\/02\/Amarbayasgalant-1-scaled-e1645890650143.jpg\",\"contentUrl\":\"https:\/\/zeit.reise\/staging\/wp-content\/uploads\/2022\/02\/Amarbayasgalant-1-scaled-e1645890650143.jpg\",\"width\":1600,\"height\":532},{\"@type\":\"BreadcrumbList\",\"@id\":\"https:\/\/zeit.reise\/staging\/reisen-laender\/mongolei\/#breadcrumb\",\"itemListElement\":[{\"@type\":\"ListItem\",\"position\":1,\"name\":\"Home\",\"item\":\"https:\/\/zeit.reise\/staging\/\"},{\"@type\":\"ListItem\",\"position\":2,\"name\":\"Reisen | L\u00e4nder\",\"item\":\"https:\/\/zeit.reise\/staging\/reisen-laender\/\"},{\"@type\":\"ListItem\",\"position\":3,\"name\":\"2010 Mongolei\"}]},{\"@type\":\"WebSite\",\"@id\":\"https:\/\/zeit.reise\/staging\/#website\",\"url\":\"https:\/\/zeit.reise\/staging\/\",\"name\":\"ZEIT.REISE\",\"description\":\"Exploring Planet Earth\",\"publisher\":{\"@id\":\"https:\/\/zeit.reise\/staging\/#organization\"},\"potentialAction\":[{\"@type\":\"SearchAction\",\"target\":{\"@type\":\"EntryPoint\",\"urlTemplate\":\"https:\/\/zeit.reise\/staging\/?s={search_term_string}\"},\"query-input\":{\"@type\":\"PropertyValueSpecification\",\"valueRequired\":true,\"valueName\":\"search_term_string\"}}],\"inLanguage\":\"en-US\"},{\"@type\":\"Organization\",\"@id\":\"https:\/\/zeit.reise\/staging\/#organization\",\"name\":\"ZEIT.REISE\",\"url\":\"https:\/\/zeit.reise\/staging\/\",\"logo\":{\"@type\":\"ImageObject\",\"inLanguage\":\"en-US\",\"@id\":\"https:\/\/zeit.reise\/staging\/#\/schema\/logo\/image\/\",\"url\":\"https:\/\/zeit.reise\/staging\/wp-content\/uploads\/2021\/11\/ZeitReise_Logo_RGB.png\",\"contentUrl\":\"https:\/\/zeit.reise\/staging\/wp-content\/uploads\/2021\/11\/ZeitReise_Logo_RGB.png\",\"width\":4215,\"height\":3887,\"caption\":\"ZEIT.REISE\"},\"image\":{\"@id\":\"https:\/\/zeit.reise\/staging\/#\/schema\/logo\/image\/\"},\"sameAs\":[\"https:\/\/www.facebook.com\/meineZEITmeineREISE\/\",\"https:\/\/x.com\/zeit_reise\",\"https:\/\/www.instagram.com\/zeit.reise_\/\",\"https:\/\/www.pinterest.at\/zeit_reise\/\",\"https:\/\/www.youtube.com\/channel\/UCYXUOAgpto2yntxx2TFronQ\"]}]}<\/script>\n<!-- \/ Yoast SEO plugin. -->","yoast_head_json":{"title":"2010 Mongolei - ZEIT.REISE","description":"Unsere pers\u00f6nlichen Eindr\u00fccke und Erlebnisse unserer Mongolei Reise, dem Land und dessen Bewohnern, sowie n\u00fctzliche Infos","robots":{"index":"noindex","follow":"follow","max-snippet":"max-snippet:-1","max-image-preview":"max-image-preview:large","max-video-preview":"max-video-preview:-1"},"og_locale":"en_US","og_type":"article","og_title":"2010 Mongolei - ZEIT.REISE","og_description":"Unsere pers\u00f6nlichen Eindr\u00fccke und Erlebnisse unserer Mongolei Reise, dem Land und dessen Bewohnern, sowie n\u00fctzliche Infos","og_url":"https:\/\/zeit.reise\/staging\/reisen-laender\/mongolei\/","og_site_name":"ZEIT.REISE","article_publisher":"https:\/\/www.facebook.com\/meineZEITmeineREISE\/","article_modified_time":"2022-04-19T04:58:12+00:00","og_image":[{"width":1600,"height":532,"url":"https:\/\/zeit.reise\/staging\/wp-content\/uploads\/2022\/02\/Amarbayasgalant-1-scaled-e1645890650143.jpg","type":"image\/jpeg"}],"twitter_card":"summary_large_image","twitter_site":"@zeit_reise","twitter_misc":{"Est. reading time":"6 minutes"},"schema":{"@context":"https:\/\/schema.org","@graph":[{"@type":"WebPage","@id":"https:\/\/zeit.reise\/staging\/reisen-laender\/mongolei\/","url":"https:\/\/zeit.reise\/staging\/reisen-laender\/mongolei\/","name":"2010 Mongolei - ZEIT.REISE","isPartOf":{"@id":"https:\/\/zeit.reise\/staging\/#website"},"primaryImageOfPage":{"@id":"https:\/\/zeit.reise\/staging\/reisen-laender\/mongolei\/#primaryimage"},"image":{"@id":"https:\/\/zeit.reise\/staging\/reisen-laender\/mongolei\/#primaryimage"},"thumbnailUrl":"https:\/\/zeit.reise\/staging\/wp-content\/uploads\/2022\/02\/Amarbayasgalant-1-scaled-e1645890650143.jpg","datePublished":"2010-06-17T11:08:11+00:00","dateModified":"2022-04-19T04:58:12+00:00","description":"Unsere pers\u00f6nlichen Eindr\u00fccke und Erlebnisse unserer Mongolei Reise, dem Land und dessen Bewohnern, sowie n\u00fctzliche Infos","breadcrumb":{"@id":"https:\/\/zeit.reise\/staging\/reisen-laender\/mongolei\/#breadcrumb"},"inLanguage":"en-US","potentialAction":[{"@type":"ReadAction","target":["https:\/\/zeit.reise\/staging\/reisen-laender\/mongolei\/"]}]},{"@type":"ImageObject","inLanguage":"en-US","@id":"https:\/\/zeit.reise\/staging\/reisen-laender\/mongolei\/#primaryimage","url":"https:\/\/zeit.reise\/staging\/wp-content\/uploads\/2022\/02\/Amarbayasgalant-1-scaled-e1645890650143.jpg","contentUrl":"https:\/\/zeit.reise\/staging\/wp-content\/uploads\/2022\/02\/Amarbayasgalant-1-scaled-e1645890650143.jpg","width":1600,"height":532},{"@type":"BreadcrumbList","@id":"https:\/\/zeit.reise\/staging\/reisen-laender\/mongolei\/#breadcrumb","itemListElement":[{"@type":"ListItem","position":1,"name":"Home","item":"https:\/\/zeit.reise\/staging\/"},{"@type":"ListItem","position":2,"name":"Reisen | L\u00e4nder","item":"https:\/\/zeit.reise\/staging\/reisen-laender\/"},{"@type":"ListItem","position":3,"name":"2010 Mongolei"}]},{"@type":"WebSite","@id":"https:\/\/zeit.reise\/staging\/#website","url":"https:\/\/zeit.reise\/staging\/","name":"ZEIT.REISE","description":"Exploring Planet Earth","publisher":{"@id":"https:\/\/zeit.reise\/staging\/#organization"},"potentialAction":[{"@type":"SearchAction","target":{"@type":"EntryPoint","urlTemplate":"https:\/\/zeit.reise\/staging\/?s={search_term_string}"},"query-input":{"@type":"PropertyValueSpecification","valueRequired":true,"valueName":"search_term_string"}}],"inLanguage":"en-US"},{"@type":"Organization","@id":"https:\/\/zeit.reise\/staging\/#organization","name":"ZEIT.REISE","url":"https:\/\/zeit.reise\/staging\/","logo":{"@type":"ImageObject","inLanguage":"en-US","@id":"https:\/\/zeit.reise\/staging\/#\/schema\/logo\/image\/","url":"https:\/\/zeit.reise\/staging\/wp-content\/uploads\/2021\/11\/ZeitReise_Logo_RGB.png","contentUrl":"https:\/\/zeit.reise\/staging\/wp-content\/uploads\/2021\/11\/ZeitReise_Logo_RGB.png","width":4215,"height":3887,"caption":"ZEIT.REISE"},"image":{"@id":"https:\/\/zeit.reise\/staging\/#\/schema\/logo\/image\/"},"sameAs":["https:\/\/www.facebook.com\/meineZEITmeineREISE\/","https:\/\/x.com\/zeit_reise","https:\/\/www.instagram.com\/zeit.reise_\/","https:\/\/www.pinterest.at\/zeit_reise\/","https:\/\/www.youtube.com\/channel\/UCYXUOAgpto2yntxx2TFronQ"]}]}},"_links":{"self":[{"href":"https:\/\/zeit.reise\/staging\/wp-json\/wp\/v2\/pages\/447","targetHints":{"allow":["GET"]}}],"collection":[{"href":"https:\/\/zeit.reise\/staging\/wp-json\/wp\/v2\/pages"}],"about":[{"href":"https:\/\/zeit.reise\/staging\/wp-json\/wp\/v2\/types\/page"}],"author":[{"embeddable":true,"href":"https:\/\/zeit.reise\/staging\/wp-json\/wp\/v2\/users\/2"}],"replies":[{"embeddable":true,"href":"https:\/\/zeit.reise\/staging\/wp-json\/wp\/v2\/comments?post=447"}],"version-history":[{"count":17,"href":"https:\/\/zeit.reise\/staging\/wp-json\/wp\/v2\/pages\/447\/revisions"}],"predecessor-version":[{"id":6743,"href":"https:\/\/zeit.reise\/staging\/wp-json\/wp\/v2\/pages\/447\/revisions\/6743"}],"up":[{"embeddable":true,"href":"https:\/\/zeit.reise\/staging\/wp-json\/wp\/v2\/pages\/2408"}],"wp:featuredmedia":[{"embeddable":true,"href":"https:\/\/zeit.reise\/staging\/wp-json\/wp\/v2\/media\/5168"}],"wp:attachment":[{"href":"https:\/\/zeit.reise\/staging\/wp-json\/wp\/v2\/media?parent=447"}],"curies":[{"name":"wp","href":"https:\/\/api.w.org\/{rel}","templated":true}]}}