{"id":3372,"date":"2022-01-03T18:19:21","date_gmt":"2022-01-03T17:19:21","guid":{"rendered":"https:\/\/zeit.reise\/staging\/projects\/"},"modified":"2022-04-09T18:11:31","modified_gmt":"2022-04-09T17:11:31","slug":"projects","status":"publish","type":"page","link":"https:\/\/zeit.reise\/staging\/beitraege-magazin\/projects\/","title":{"rendered":"Projekte"},"content":{"rendered":"<h1>01.<\/h1>\n<h3>Reisen ohne Plastik<\/h3>\n<p>Jedes Jahr haben wir uns \u00fcber den im Urlaub anfallenden Plastikm\u00fcll ge\u00e4rgert. Nun ist Schlu\u00df! Wir verwenden ausschlie\u00dflich lokales Wasser und filtern es!<\/p>\n<p>\t\t\t\t\t\t\t\t\t\t\t\t<img decoding=\"async\" width=\"768\" height=\"448\" src=\"https:\/\/zeit.reise\/staging\/wp-content\/uploads\/2022\/04\/img5-768x448.jpg\" alt=\"\" loading=\"lazy\" srcset=\"https:\/\/zeit.reise\/staging\/wp-content\/uploads\/2022\/04\/img5-768x448.jpg 768w, https:\/\/zeit.reise\/staging\/wp-content\/uploads\/2022\/04\/img5-300x175.jpg 300w, https:\/\/zeit.reise\/staging\/wp-content\/uploads\/2022\/04\/img5-1024x597.jpg 1024w, https:\/\/zeit.reise\/staging\/wp-content\/uploads\/2022\/04\/img5.jpg 1200w\" sizes=\"auto, (max-width: 768px) 100vw, 768px\" \/>\t\t\t\t\t\t\t\t\t\t\t\t\t\t<\/p>\n<h1>02.<\/h1>\n<h3>Autark Daten sichern und Akkus laden<\/h3>\n<p>Kein Strom f\u00fcr Smartphone oder Fotoapparat? Das w\u00e4re furchtbar, ebenso der Verlust der digitalen Schnappsch\u00fcsse! Hier kommt die L\u00f6sung&#8230;\u00a0<\/p>\n<p>\t\t\t\t\t\t\t\t\t\t\t\t<img decoding=\"async\" width=\"768\" height=\"448\" src=\"https:\/\/zeit.reise\/staging\/wp-content\/uploads\/2022\/02\/img3-768x448.jpg\" alt=\"\" loading=\"lazy\" srcset=\"https:\/\/zeit.reise\/staging\/wp-content\/uploads\/2022\/02\/img3-768x448.jpg 768w, https:\/\/zeit.reise\/staging\/wp-content\/uploads\/2022\/02\/img3-300x175.jpg 300w, https:\/\/zeit.reise\/staging\/wp-content\/uploads\/2022\/02\/img3-1024x597.jpg 1024w, https:\/\/zeit.reise\/staging\/wp-content\/uploads\/2022\/02\/img3-600x350.jpg 600w, https:\/\/zeit.reise\/staging\/wp-content\/uploads\/2022\/02\/img3.jpg 1200w\" sizes=\"auto, (max-width: 768px) 100vw, 768px\" \/>\t\t\t\t\t\t\t\t\t\t\t\t\t\t<\/p>\n<h1>03.<\/h1>\n<h3>Eine Tasse reist um die Welt<\/h3>\n<p>Die ZEIT.REISE Tasse ist unser unverzichtbares Utensil bei allen Unternehmungen. Die Tasse erz\u00e4hlt die Geschichte zu unseren Reisen<\/p>\n<p>\t\t\t\t\t\t\t\t\t\t\t\t<img decoding=\"async\" width=\"768\" height=\"630\" src=\"https:\/\/zeit.reise\/staging\/wp-content\/uploads\/2022\/04\/20210816_162301821_iOS-scaled-e1649519358381-768x630.jpg\" alt=\"\" loading=\"lazy\" srcset=\"https:\/\/zeit.reise\/staging\/wp-content\/uploads\/2022\/04\/20210816_162301821_iOS-scaled-e1649519358381-768x630.jpg 768w, https:\/\/zeit.reise\/staging\/wp-content\/uploads\/2022\/04\/20210816_162301821_iOS-scaled-e1649519358381-300x246.jpg 300w, https:\/\/zeit.reise\/staging\/wp-content\/uploads\/2022\/04\/20210816_162301821_iOS-scaled-e1649519358381-1024x841.jpg 1024w, https:\/\/zeit.reise\/staging\/wp-content\/uploads\/2022\/04\/20210816_162301821_iOS-scaled-e1649519358381-1536x1261.jpg 1536w, https:\/\/zeit.reise\/staging\/wp-content\/uploads\/2022\/04\/20210816_162301821_iOS-scaled-e1649519358381-2048x1681.jpg 2048w\" sizes=\"auto, (max-width: 768px) 100vw, 768px\" \/>\t\t\t\t\t\t\t\t\t\t\t\t\t\t<\/p>\n<h1>04.<\/h1>\n<h3>&#8230;<\/h3>\n<p>Porro ipsum amet eiusmod, quae voluptate, architecto posuere risus imperdiet gravida porttitor, penatibus nemo dictumst quasi habitant ut mollit.<\/p>\n<p>\t\t\t\t\t\t\t\t\t\t\t\t<img decoding=\"async\" width=\"768\" height=\"448\" src=\"https:\/\/zeit.reise\/staging\/wp-content\/uploads\/2022\/04\/img1-768x448.jpg\" alt=\"\" loading=\"lazy\" srcset=\"https:\/\/zeit.reise\/staging\/wp-content\/uploads\/2022\/04\/img1-768x448.jpg 768w, https:\/\/zeit.reise\/staging\/wp-content\/uploads\/2022\/04\/img1-300x175.jpg 300w, https:\/\/zeit.reise\/staging\/wp-content\/uploads\/2022\/04\/img1-1024x597.jpg 1024w, https:\/\/zeit.reise\/staging\/wp-content\/uploads\/2022\/04\/img1.jpg 1200w\" sizes=\"auto, (max-width: 768px) 100vw, 768px\" \/>\t\t\t\t\t\t\t\t\t\t\t\t\t\t<\/p>\n<h6>CALLBACK FOR MORE<\/h6>\n<h2>GO TRAVEL.DISCOVER. REMEMBER US!!<\/h2>\n<p>Mollit voluptatem perspiciatis convallis elementum corporis quo veritatis aliquid blandit, blandit torquent, odit placeat. Adipiscing repudiandae eius cursus? Nostrum magnis maxime curae placeat.<\/p>\n<p>\t\t\t\t0<br \/>\n\t\t\t\tK+<br \/>\n\t\t\t\t\t\t\tSatisfied Clients<br \/>\n\t\t\t\t0<br \/>\n\t\t\t\t+<br \/>\n\t\t\t\t\t\t\tAwards Achieve<br \/>\n\t\t\t\t0<br \/>\n\t\t\t\tK+<br \/>\n\t\t\t\t\t\t\tActive Members<br \/>\n\t\t\t\t0<br \/>\n\t\t\t\tK+<br \/>\n\t\t\t\t\t\t\tTour Destnation<\/p>\n","protected":false},"excerpt":{"rendered":"<p>01. Reisen ohne Plastik Jedes Jahr haben wir uns \u00fcber den im Urlaub anfallenden Plastikm\u00fcll ge\u00e4rgert. Nun ist Schlu\u00df! Wir verwenden ausschlie\u00dflich lokales Wasser und filtern es! 02. Autark Daten sichern und Akkus laden Kein Strom f\u00fcr Smartphone oder Fotoapparat? Das w\u00e4re furchtbar, ebenso der Verlust der digitalen Schnappsch\u00fcsse! Hier kommt die L\u00f6sung&#8230;\u00a0 03. Eine [&hellip;]<\/p>\n","protected":false},"author":1,"featured_media":0,"parent":106,"menu_order":0,"comment_status":"closed","ping_status":"closed","template":"","meta":{"footnotes":""},"class_list":["post-3372","page","type-page","status-publish","hentry"],"yoast_head":"<!-- This site is optimized with the Yoast SEO plugin v26.6 - https:\/\/yoast.com\/wordpress\/plugins\/seo\/ -->\n<title>Projekte - ZEIT.REISE<\/title>\n<meta name=\"robots\" content=\"noindex, follow, max-snippet:-1, max-image-preview:large, max-video-preview:-1\" \/>\n<meta property=\"og:locale\" content=\"en_US\" \/>\n<meta property=\"og:type\" content=\"article\" \/>\n<meta property=\"og:title\" content=\"Projekte - ZEIT.REISE\" \/>\n<meta property=\"og:description\" content=\"01. Reisen ohne Plastik Jedes Jahr haben wir uns \u00fcber den im Urlaub anfallenden Plastikm\u00fcll ge\u00e4rgert. Nun ist Schlu\u00df! Wir verwenden ausschlie\u00dflich lokales Wasser und filtern es! 02. Autark Daten sichern und Akkus laden Kein Strom f\u00fcr Smartphone oder Fotoapparat? Das w\u00e4re furchtbar, ebenso der Verlust der digitalen Schnappsch\u00fcsse! Hier kommt die L\u00f6sung&#8230;\u00a0 03. Eine [&hellip;]\" \/>\n<meta property=\"og:url\" content=\"https:\/\/zeit.reise\/staging\/beitraege-magazin\/projects\/\" \/>\n<meta property=\"og:site_name\" content=\"ZEIT.REISE\" \/>\n<meta property=\"article:publisher\" content=\"https:\/\/www.facebook.com\/meineZEITmeineREISE\/\" \/>\n<meta property=\"article:modified_time\" content=\"2022-04-09T17:11:31+00:00\" \/>\n<meta property=\"og:image\" content=\"https:\/\/zeit.reise\/staging\/wp-content\/uploads\/2022\/04\/img5-768x448.jpg\" \/>\n<meta name=\"twitter:card\" content=\"summary_large_image\" \/>\n<meta name=\"twitter:site\" content=\"@zeit_reise\" \/>\n<meta name=\"twitter:label1\" content=\"Est. reading time\" \/>\n\t<meta name=\"twitter:data1\" content=\"2 minutes\" \/>\n<script type=\"application\/ld+json\" class=\"yoast-schema-graph\">{\"@context\":\"https:\/\/schema.org\",\"@graph\":[{\"@type\":\"WebPage\",\"@id\":\"https:\/\/zeit.reise\/staging\/beitraege-magazin\/projects\/\",\"url\":\"https:\/\/zeit.reise\/staging\/beitraege-magazin\/projects\/\",\"name\":\"Projekte - ZEIT.REISE\",\"isPartOf\":{\"@id\":\"https:\/\/zeit.reise\/staging\/#website\"},\"primaryImageOfPage\":{\"@id\":\"https:\/\/zeit.reise\/staging\/beitraege-magazin\/projects\/#primaryimage\"},\"image\":{\"@id\":\"https:\/\/zeit.reise\/staging\/beitraege-magazin\/projects\/#primaryimage\"},\"thumbnailUrl\":\"https:\/\/zeit.reise\/staging\/wp-content\/uploads\/2022\/04\/img5-768x448.jpg\",\"datePublished\":\"2022-01-03T17:19:21+00:00\",\"dateModified\":\"2022-04-09T17:11:31+00:00\",\"breadcrumb\":{\"@id\":\"https:\/\/zeit.reise\/staging\/beitraege-magazin\/projects\/#breadcrumb\"},\"inLanguage\":\"en-US\",\"potentialAction\":[{\"@type\":\"ReadAction\",\"target\":[\"https:\/\/zeit.reise\/staging\/beitraege-magazin\/projects\/\"]}]},{\"@type\":\"ImageObject\",\"inLanguage\":\"en-US\",\"@id\":\"https:\/\/zeit.reise\/staging\/beitraege-magazin\/projects\/#primaryimage\",\"url\":\"https:\/\/zeit.reise\/staging\/wp-content\/uploads\/2022\/04\/img5.jpg\",\"contentUrl\":\"https:\/\/zeit.reise\/staging\/wp-content\/uploads\/2022\/04\/img5.jpg\",\"width\":1200,\"height\":700},{\"@type\":\"BreadcrumbList\",\"@id\":\"https:\/\/zeit.reise\/staging\/beitraege-magazin\/projects\/#breadcrumb\",\"itemListElement\":[{\"@type\":\"ListItem\",\"position\":1,\"name\":\"Home\",\"item\":\"https:\/\/zeit.reise\/staging\/\"},{\"@type\":\"ListItem\",\"position\":2,\"name\":\"Beitr\u00e4ge | Magazin\",\"item\":\"https:\/\/zeit.reise\/staging\/beitraege-magazin\/\"},{\"@type\":\"ListItem\",\"position\":3,\"name\":\"Projekte\"}]},{\"@type\":\"WebSite\",\"@id\":\"https:\/\/zeit.reise\/staging\/#website\",\"url\":\"https:\/\/zeit.reise\/staging\/\",\"name\":\"ZEIT.REISE\",\"description\":\"Exploring Planet Earth\",\"publisher\":{\"@id\":\"https:\/\/zeit.reise\/staging\/#organization\"},\"potentialAction\":[{\"@type\":\"SearchAction\",\"target\":{\"@type\":\"EntryPoint\",\"urlTemplate\":\"https:\/\/zeit.reise\/staging\/?s={search_term_string}\"},\"query-input\":{\"@type\":\"PropertyValueSpecification\",\"valueRequired\":true,\"valueName\":\"search_term_string\"}}],\"inLanguage\":\"en-US\"},{\"@type\":\"Organization\",\"@id\":\"https:\/\/zeit.reise\/staging\/#organization\",\"name\":\"ZEIT.REISE\",\"url\":\"https:\/\/zeit.reise\/staging\/\",\"logo\":{\"@type\":\"ImageObject\",\"inLanguage\":\"en-US\",\"@id\":\"https:\/\/zeit.reise\/staging\/#\/schema\/logo\/image\/\",\"url\":\"https:\/\/zeit.reise\/staging\/wp-content\/uploads\/2021\/11\/ZeitReise_Logo_RGB.png\",\"contentUrl\":\"https:\/\/zeit.reise\/staging\/wp-content\/uploads\/2021\/11\/ZeitReise_Logo_RGB.png\",\"width\":4215,\"height\":3887,\"caption\":\"ZEIT.REISE\"},\"image\":{\"@id\":\"https:\/\/zeit.reise\/staging\/#\/schema\/logo\/image\/\"},\"sameAs\":[\"https:\/\/www.facebook.com\/meineZEITmeineREISE\/\",\"https:\/\/x.com\/zeit_reise\",\"https:\/\/www.instagram.com\/zeit.reise_\/\",\"https:\/\/www.pinterest.at\/zeit_reise\/\",\"https:\/\/www.youtube.com\/channel\/UCYXUOAgpto2yntxx2TFronQ\"]}]}<\/script>\n<!-- \/ Yoast SEO plugin. -->","yoast_head_json":{"title":"Projekte - ZEIT.REISE","robots":{"index":"noindex","follow":"follow","max-snippet":"max-snippet:-1","max-image-preview":"max-image-preview:large","max-video-preview":"max-video-preview:-1"},"og_locale":"en_US","og_type":"article","og_title":"Projekte - ZEIT.REISE","og_description":"01. Reisen ohne Plastik Jedes Jahr haben wir uns \u00fcber den im Urlaub anfallenden Plastikm\u00fcll ge\u00e4rgert. Nun ist Schlu\u00df! Wir verwenden ausschlie\u00dflich lokales Wasser und filtern es! 02. Autark Daten sichern und Akkus laden Kein Strom f\u00fcr Smartphone oder Fotoapparat? Das w\u00e4re furchtbar, ebenso der Verlust der digitalen Schnappsch\u00fcsse! Hier kommt die L\u00f6sung&#8230;\u00a0 03. Eine [&hellip;]","og_url":"https:\/\/zeit.reise\/staging\/beitraege-magazin\/projects\/","og_site_name":"ZEIT.REISE","article_publisher":"https:\/\/www.facebook.com\/meineZEITmeineREISE\/","article_modified_time":"2022-04-09T17:11:31+00:00","og_image":[{"url":"https:\/\/zeit.reise\/staging\/wp-content\/uploads\/2022\/04\/img5-768x448.jpg","type":"","width":"","height":""}],"twitter_card":"summary_large_image","twitter_site":"@zeit_reise","twitter_misc":{"Est. reading time":"2 minutes"},"schema":{"@context":"https:\/\/schema.org","@graph":[{"@type":"WebPage","@id":"https:\/\/zeit.reise\/staging\/beitraege-magazin\/projects\/","url":"https:\/\/zeit.reise\/staging\/beitraege-magazin\/projects\/","name":"Projekte - ZEIT.REISE","isPartOf":{"@id":"https:\/\/zeit.reise\/staging\/#website"},"primaryImageOfPage":{"@id":"https:\/\/zeit.reise\/staging\/beitraege-magazin\/projects\/#primaryimage"},"image":{"@id":"https:\/\/zeit.reise\/staging\/beitraege-magazin\/projects\/#primaryimage"},"thumbnailUrl":"https:\/\/zeit.reise\/staging\/wp-content\/uploads\/2022\/04\/img5-768x448.jpg","datePublished":"2022-01-03T17:19:21+00:00","dateModified":"2022-04-09T17:11:31+00:00","breadcrumb":{"@id":"https:\/\/zeit.reise\/staging\/beitraege-magazin\/projects\/#breadcrumb"},"inLanguage":"en-US","potentialAction":[{"@type":"ReadAction","target":["https:\/\/zeit.reise\/staging\/beitraege-magazin\/projects\/"]}]},{"@type":"ImageObject","inLanguage":"en-US","@id":"https:\/\/zeit.reise\/staging\/beitraege-magazin\/projects\/#primaryimage","url":"https:\/\/zeit.reise\/staging\/wp-content\/uploads\/2022\/04\/img5.jpg","contentUrl":"https:\/\/zeit.reise\/staging\/wp-content\/uploads\/2022\/04\/img5.jpg","width":1200,"height":700},{"@type":"BreadcrumbList","@id":"https:\/\/zeit.reise\/staging\/beitraege-magazin\/projects\/#breadcrumb","itemListElement":[{"@type":"ListItem","position":1,"name":"Home","item":"https:\/\/zeit.reise\/staging\/"},{"@type":"ListItem","position":2,"name":"Beitr\u00e4ge | Magazin","item":"https:\/\/zeit.reise\/staging\/beitraege-magazin\/"},{"@type":"ListItem","position":3,"name":"Projekte"}]},{"@type":"WebSite","@id":"https:\/\/zeit.reise\/staging\/#website","url":"https:\/\/zeit.reise\/staging\/","name":"ZEIT.REISE","description":"Exploring Planet Earth","publisher":{"@id":"https:\/\/zeit.reise\/staging\/#organization"},"potentialAction":[{"@type":"SearchAction","target":{"@type":"EntryPoint","urlTemplate":"https:\/\/zeit.reise\/staging\/?s={search_term_string}"},"query-input":{"@type":"PropertyValueSpecification","valueRequired":true,"valueName":"search_term_string"}}],"inLanguage":"en-US"},{"@type":"Organization","@id":"https:\/\/zeit.reise\/staging\/#organization","name":"ZEIT.REISE","url":"https:\/\/zeit.reise\/staging\/","logo":{"@type":"ImageObject","inLanguage":"en-US","@id":"https:\/\/zeit.reise\/staging\/#\/schema\/logo\/image\/","url":"https:\/\/zeit.reise\/staging\/wp-content\/uploads\/2021\/11\/ZeitReise_Logo_RGB.png","contentUrl":"https:\/\/zeit.reise\/staging\/wp-content\/uploads\/2021\/11\/ZeitReise_Logo_RGB.png","width":4215,"height":3887,"caption":"ZEIT.REISE"},"image":{"@id":"https:\/\/zeit.reise\/staging\/#\/schema\/logo\/image\/"},"sameAs":["https:\/\/www.facebook.com\/meineZEITmeineREISE\/","https:\/\/x.com\/zeit_reise","https:\/\/www.instagram.com\/zeit.reise_\/","https:\/\/www.pinterest.at\/zeit_reise\/","https:\/\/www.youtube.com\/channel\/UCYXUOAgpto2yntxx2TFronQ"]}]}},"_links":{"self":[{"href":"https:\/\/zeit.reise\/staging\/wp-json\/wp\/v2\/pages\/3372","targetHints":{"allow":["GET"]}}],"collection":[{"href":"https:\/\/zeit.reise\/staging\/wp-json\/wp\/v2\/pages"}],"about":[{"href":"https:\/\/zeit.reise\/staging\/wp-json\/wp\/v2\/types\/page"}],"author":[{"embeddable":true,"href":"https:\/\/zeit.reise\/staging\/wp-json\/wp\/v2\/users\/1"}],"replies":[{"embeddable":true,"href":"https:\/\/zeit.reise\/staging\/wp-json\/wp\/v2\/comments?post=3372"}],"version-history":[{"count":25,"href":"https:\/\/zeit.reise\/staging\/wp-json\/wp\/v2\/pages\/3372\/revisions"}],"predecessor-version":[{"id":6175,"href":"https:\/\/zeit.reise\/staging\/wp-json\/wp\/v2\/pages\/3372\/revisions\/6175"}],"up":[{"embeddable":true,"href":"https:\/\/zeit.reise\/staging\/wp-json\/wp\/v2\/pages\/106"}],"wp:attachment":[{"href":"https:\/\/zeit.reise\/staging\/wp-json\/wp\/v2\/media?parent=3372"}],"curies":[{"name":"wp","href":"https:\/\/api.w.org\/{rel}","templated":true}]}}