{"id":1508,"date":"2012-03-08T20:54:19","date_gmt":"2012-03-08T19:54:19","guid":{"rendered":"http:\/\/www.webinfopoint.com\/?page_id=1508"},"modified":"2022-03-18T13:37:52","modified_gmt":"2022-03-18T12:37:52","slug":"zelt-jet-tent","status":"publish","type":"page","link":"https:\/\/zeit.reise\/staging\/beitraege-magazin\/ausruestung\/schlafen-ubernachtung\/bodenzelt-autodachzelt-dachzelt-zelt-freistehend-saison-zelt\/zelt-jet-tent\/","title":{"rendered":"Zelt Jet-Tent"},"content":{"rendered":"<h1 style=\"text-align: center;\">Unsere neue &#8220;Familienherberge&#8221;, ein<\/h1>\n<h1 style=\"text-align: center;\">Jet-Tent von Oz-Tent<\/h1>\n<p style=\"text-align: center;\"><a href=\"http:\/\/www.no-mads.net\/wp-content\/uploads\/Jet-Tent_F25X.jpg\"><img loading=\"lazy\" decoding=\"async\" class=\"alignleft wp-image-1527 size-full\" title=\"Jet-Tent_F25X\" src=\"http:\/\/www.no-mads.net\/wp-content\/uploads\/Jet-Tent_F25X.jpg\" alt=\"Jet-Tent F25X von Oz-Tent\" width=\"280\" height=\"165\" \/><\/a><\/p>\n<p style=\"text-align: left;\">Nach unseren Erfahrungen mit einem Dachzelt und\u00a0letztj\u00e4hrigem Familienzuwachs musste eine familienfreundliche\u00a0und reisetaugliche Behausung her.<\/p>\n<p style=\"text-align: left;\">Dem Kauf gingen zahlreiche \u00dcberlegungen\u00a0voraus. Wir suchten ein Zelt, welches folgende Anforderungen erf\u00fcllt:<\/p>\n<ol>\n<li>\n<div style=\"text-align: left;\">Unabh\u00e4ngige Benutzung vom Fahrzeug, um mit dem Fahrzeug Erledigungen oder Ausfl\u00fcge durchf\u00fchren zu k\u00f6nnen, ohne das ganze &#8220;Lager&#8221; abbauen zu m\u00fcssen<\/div>\n<\/li>\n<li>\n<div style=\"text-align: left;\">Platz f\u00fcr Kinder zum Spielen, auch bei schlechtem Wetter<\/div>\n<\/li>\n<li>\n<div style=\"text-align: left;\">Platz f\u00fcr Gep\u00e4ck, Schlafen, Kochen und Essen \u00fcberdacht und windgesch\u00fctzt<\/div>\n<\/li>\n<li>\n<div style=\"text-align: left;\">Schneller Auf- und Abbau<\/div>\n<\/li>\n<li>\n<div style=\"text-align: left;\">Geringes Packma\u00df um alles im Auto unterbringen zu k\u00f6nnen und nicht am Dach<\/div>\n<\/li>\n<\/ol>\n<p style=\"text-align: left;\">Mit diesem Anforderungsprofil begaben wir uns auf die Suche. Das Ausscheidungsverfahren verlief wie folgt:<\/p>\n<p style=\"text-align: left; padding-left: 30px;\">1. Ein <strong>Dachzelt<\/strong> schied aus folgenden Gr\u00fcnden aus:<\/p>\n<ul>\n<ul>\n<ul>\n<li>\n<div style=\"text-align: left;\">\u00a0Fest mit dem Fahrzeug verbunden, keine Flexibilit\u00e4t am &#8220;Base Camp&#8221;<\/div>\n<\/li>\n<li>\n<div style=\"text-align: left;\">Im Urlaub mit Kleinkindern zu gef\u00e4hrlich<\/div>\n<\/li>\n<li>\n<div style=\"text-align: left;\">Selbst mit Unterzelt zu wenig Platz f\u00fcr l\u00e4ngere Aufenthalte mit Kind bei schlechtem Wetter oder glei\u00dfender Sonne<\/div>\n<\/li>\n<li>\n<div style=\"text-align: left;\">Verwendung nur in Verbindung mit dem Fahrzeug auf dem es montiert ist m\u00f6glich (keine\u00a0Nutzung auf anderem Fahrzeug oder ohne Fahrzeug m\u00f6glich)<\/div>\n<\/li>\n<li>\n<div style=\"text-align: left;\">Fahrzeug ist mit monitiertem Dachzelt zu hoch f\u00fcr Tiefgaragen und Fahrzeugtransport im Container<\/div>\n<\/li>\n<\/ul>\n<\/ul>\n<\/ul>\n<p style=\"text-align: left; padding-left: 30px;\">2.\u00a0Herk\u00f6mmliche <strong>Tunnel- oder Kuppelzelte<\/strong> schieden aus folgenden Gr\u00fcnden aus:<\/p>\n<ul>\n<ul>\n<ul>\n<li>\n<div style=\"text-align: left;\">Die meisten Zelte verf\u00fcgen \u00fcber keine Markise und sind daher im Urlaub mit Kleinkindern bei Schlechtwetter ungeeignet<\/div>\n<\/li>\n<li>\n<div style=\"text-align: left;\">Innen meist keine Stehh\u00f6he<\/div>\n<\/li>\n<li>\n<div style=\"text-align: left;\">Stangenkonstruktion bei gr\u00f6\u00dferen Zelten meist fummelig und zeitaufwendig<\/div>\n<\/li>\n<\/ul>\n<\/ul>\n<\/ul>\n<p style=\"text-align: left; padding-left: 60px;\">Vorteile w\u00e4ren das geringere Gewicht und das kleinere Packma\u00df.<\/p>\n<p style=\"text-align: left; padding-left: 30px;\">3. Eine\u00a0seitig montierte <strong>Markise mit Seitenteilen<\/strong> schied aus folgenden Gr\u00fcnden aus:<\/p>\n<ul>\n<ul>\n<ul>\n<li>Fest mit dem Fahrzeug verbunden, keine Flexibilit\u00e4t am &#8220;Base Camp&#8221;<\/li>\n<li>Verwendung nur in Verbindung mit dem Fahrzeug auf dem es montiert ist m\u00f6glich (keine anderwertige Nutzung m\u00f6glich)<\/li>\n<\/ul>\n<\/ul>\n<\/ul>\n<p style=\"padding-left: 60px;\">Die Vorteile dieser Variante w\u00e4ren der schnellere Auf- und Abbau.<\/p>\n<p style=\"text-align: left;\">Nach diesem &#8220;Ausscheidungsverfahren&#8221; und durch begleitende Recherchen wurden wir auf die Produkte von Black Wolf und Oz-Tent aufmerksam. Die Erf\u00fcllung all unserer Anforderungen fanden wir schlie\u00dflich im Jet-Tent von Oz-Tent.<\/p>\n<p style=\"text-align: left;\">Wir entschieden uns f\u00fcr die &#8220;extended&#8221; Variante des &#8220;F25&#8221; also dem F25X. Es besteht aus einem 250x250x220 (LxBxH) gro\u00dfen Hauptzelt, der &#8220;Erweiterung&#8221; mit 180&#215;250 (LxB) und der 200&#215;200 (LxB)\u00a0gro\u00dfen Markise. Zus\u00e4tzlich haben wir uns f\u00fcr die Seitenteile entschieden, um das Vorzelt auch bei Schlechtwetter zum Kochen und Essen nutzen zu k\u00f6nnen.<\/p>\n<p style=\"text-align: left;\">Die f\u00fcr uns kaufentscheidenden Argumente waren:<\/p>\n<ul>\n<ul>\n<li>\n<div style=\"text-align: left;\">Viel Platz f\u00fcr Mensch und\u00a0Gep\u00e4ck, Schlafm\u00f6glichkeit f\u00fcr bis zu 7 Personen<\/div>\n<\/li>\n<li>\n<div style=\"text-align: left;\">H\u00f6he innen \u00fcber 2m auf einer Fl\u00e4che von fast 2x2m<\/div>\n<\/li>\n<li>\n<div style=\"text-align: left;\">Gro\u00dfe Markise<\/div>\n<\/li>\n<li>\n<div style=\"text-align: left;\">Seitenw\u00e4nde an der Markise f\u00fcr zus\u00e4tzlichen Wetterschutz und somit noch mehr Platz\u00a0zum &#8220;Wohnen&#8221; bei\u00a0schlechtem Wetter<\/div>\n<\/li>\n<li>\n<div style=\"text-align: left;\">Extrem kurze Auf- und Abbauzeiten (jeweils ca. 15 Minuten)<\/div>\n<\/li>\n<li>\n<div style=\"text-align: left;\">Stabiles\u00a0Gest\u00e4nge mit robuster Mechanik, keine Fummelei<\/div>\n<\/li>\n<li>\n<div style=\"text-align: left;\">Steht komplett frei vom Fahrzeug,\u00a0Fahrzeug kann somit jederzeit f\u00fcr Besorgungen und Ausfl\u00fcge genutzt werden<\/div>\n<\/li>\n<li>\n<div style=\"text-align: left;\">Markise kann per Kederschine mit dem Fahrzeug verbunden werden<\/div>\n<\/li>\n<li>\n<div style=\"text-align: left;\">Durch das Packma\u00df von 120x40x40 und 32kg Gewicht noch im Fahrzeug zu verstauen (Vergleich Oz-Tent RV5 260x40x15cm und 22kg)<\/div>\n<\/li>\n<li>\n<div style=\"text-align: left;\">Viele positive Berichte im Internet \u00fcber die Qualit\u00e4t von Oz-Tent<\/div>\n<\/li>\n<\/ul>\n<\/ul>\n<p style=\"text-align: left;\">Bisher einziger Kritikpunkt: &#8220;Made in China&#8221;<\/p>\n<p style=\"text-align: left;\">Die beste Bezugsquelle in \u00d6sterreich ist \u00fcber <a title=\"Offroad Hesch Steyr\" href=\"http:\/\/www.offroadhesch.at\" target=\"_blank\" rel=\"noopener\">Offroad Hesch <\/a>in Steyr.<\/p>\n<p style=\"text-align: left;\"><a title=\"Jet Tent von Oz-Tent\" href=\"http:\/\/jettent.com\" target=\"_blank\" rel=\"noopener\">Link <\/a>zum Hersteller in Australien.<\/p>\n<h4 style=\"text-align: left;\">Photos vom Hersteller:<\/h4>\n<p><a href=\"http:\/\/www.no-mads.net\/wp-content\/uploads\/jet-tent-f25x.jpg\"><img loading=\"lazy\" decoding=\"async\" class=\"alignleft wp-image-1519 size-medium\" title=\"jet-tent-f25x\" src=\"http:\/\/www.no-mads.net\/wp-content\/uploads\/jet-tent-f25x-300x171.jpg\" alt=\"\" width=\"300\" height=\"171\" \/><\/a><\/p>\n<p><a href=\"http:\/\/www.no-mads.net\/wp-content\/uploads\/f25x-diagram.jpg\"><img loading=\"lazy\" decoding=\"async\" class=\"alignleft wp-image-1522 size-full\" title=\"f25x-diagram\" src=\"http:\/\/www.no-mads.net\/wp-content\/uploads\/f25x-diagram.jpg\" alt=\"\" width=\"280\" height=\"240\" \/><\/a><\/p>\n<p><a href=\"http:\/\/www.no-mads.net\/wp-content\/uploads\/f25x_and_4wd.jpg\"><img loading=\"lazy\" decoding=\"async\" class=\"alignleft wp-image-1520 size-medium\" title=\"f25x_and_4wd\" src=\"http:\/\/www.no-mads.net\/wp-content\/uploads\/f25x_and_4wd-300x171.jpg\" alt=\"\" width=\"300\" height=\"171\" \/><\/a><\/p>\n<p>Video auf YouTube:<\/p>\n<p><iframe loading=\"lazy\" src=\"http:\/\/www.youtube.com\/embed\/MI2500dKidg\" width=\"560\" height=\"315\" frameborder=\"0\"><\/iframe><\/p>\n","protected":false},"excerpt":{"rendered":"<p>Unsere neue &#8220;Familienherberge&#8221;, ein Jet-Tent von Oz-Tent Nach unseren Erfahrungen mit einem Dachzelt und\u00a0letztj\u00e4hrigem Familienzuwachs musste eine familienfreundliche\u00a0und reisetaugliche Behausung her. Dem Kauf gingen zahlreiche \u00dcberlegungen\u00a0voraus. Wir suchten ein Zelt, welches folgende Anforderungen erf\u00fcllt: Unabh\u00e4ngige Benutzung vom Fahrzeug, um mit dem Fahrzeug Erledigungen oder Ausfl\u00fcge durchf\u00fchren zu k\u00f6nnen, ohne das ganze &#8220;Lager&#8221; abbauen zu m\u00fcssen [&hellip;]<\/p>\n","protected":false},"author":2,"featured_media":0,"parent":5197,"menu_order":0,"comment_status":"open","ping_status":"closed","template":"","meta":{"footnotes":""},"class_list":["post-1508","page","type-page","status-publish","hentry"],"yoast_head":"<!-- This site is optimized with the Yoast SEO plugin v26.6 - https:\/\/yoast.com\/wordpress\/plugins\/seo\/ -->\n<title>Zelt Jet-Tent von Oz-Tent<\/title>\n<meta name=\"robots\" content=\"noindex, follow, max-snippet:-1, max-image-preview:large, max-video-preview:-1\" \/>\n<meta property=\"og:locale\" content=\"en_US\" \/>\n<meta property=\"og:type\" content=\"article\" \/>\n<meta property=\"og:title\" content=\"Zelt Jet-Tent von Oz-Tent\" \/>\n<meta property=\"og:description\" content=\"Unsere neue &#8220;Familienherberge&#8221;, ein Jet-Tent von Oz-Tent Nach unseren Erfahrungen mit einem Dachzelt und\u00a0letztj\u00e4hrigem Familienzuwachs musste eine familienfreundliche\u00a0und reisetaugliche Behausung her. Dem Kauf gingen zahlreiche \u00dcberlegungen\u00a0voraus. Wir suchten ein Zelt, welches folgende Anforderungen erf\u00fcllt: Unabh\u00e4ngige Benutzung vom Fahrzeug, um mit dem Fahrzeug Erledigungen oder Ausfl\u00fcge durchf\u00fchren zu k\u00f6nnen, ohne das ganze &#8220;Lager&#8221; abbauen zu m\u00fcssen [&hellip;]\" \/>\n<meta property=\"og:url\" content=\"https:\/\/zeit.reise\/staging\/beitraege-magazin\/ausruestung\/schlafen-ubernachtung\/bodenzelt-autodachzelt-dachzelt-zelt-freistehend-saison-zelt\/zelt-jet-tent\/\" \/>\n<meta property=\"og:site_name\" content=\"ZEIT.REISE\" \/>\n<meta property=\"article:publisher\" content=\"https:\/\/www.facebook.com\/meineZEITmeineREISE\/\" \/>\n<meta property=\"article:modified_time\" content=\"2022-03-18T12:37:52+00:00\" \/>\n<meta property=\"og:image\" content=\"http:\/\/www.no-mads.net\/wp-content\/uploads\/Jet-Tent_F25X.jpg\" \/>\n<meta name=\"twitter:card\" content=\"summary_large_image\" \/>\n<meta name=\"twitter:site\" content=\"@zeit_reise\" \/>\n<meta name=\"twitter:label1\" content=\"Est. reading time\" \/>\n\t<meta name=\"twitter:data1\" content=\"3 minutes\" \/>\n<script type=\"application\/ld+json\" class=\"yoast-schema-graph\">{\"@context\":\"https:\/\/schema.org\",\"@graph\":[{\"@type\":\"WebPage\",\"@id\":\"https:\/\/zeit.reise\/staging\/beitraege-magazin\/ausruestung\/schlafen-ubernachtung\/bodenzelt-autodachzelt-dachzelt-zelt-freistehend-saison-zelt\/zelt-jet-tent\/\",\"url\":\"https:\/\/zeit.reise\/staging\/beitraege-magazin\/ausruestung\/schlafen-ubernachtung\/bodenzelt-autodachzelt-dachzelt-zelt-freistehend-saison-zelt\/zelt-jet-tent\/\",\"name\":\"Zelt Jet-Tent von Oz-Tent\",\"isPartOf\":{\"@id\":\"https:\/\/zeit.reise\/staging\/#website\"},\"primaryImageOfPage\":{\"@id\":\"https:\/\/zeit.reise\/staging\/beitraege-magazin\/ausruestung\/schlafen-ubernachtung\/bodenzelt-autodachzelt-dachzelt-zelt-freistehend-saison-zelt\/zelt-jet-tent\/#primaryimage\"},\"image\":{\"@id\":\"https:\/\/zeit.reise\/staging\/beitraege-magazin\/ausruestung\/schlafen-ubernachtung\/bodenzelt-autodachzelt-dachzelt-zelt-freistehend-saison-zelt\/zelt-jet-tent\/#primaryimage\"},\"thumbnailUrl\":\"http:\/\/www.no-mads.net\/wp-content\/uploads\/Jet-Tent_F25X.jpg\",\"datePublished\":\"2012-03-08T19:54:19+00:00\",\"dateModified\":\"2022-03-18T12:37:52+00:00\",\"breadcrumb\":{\"@id\":\"https:\/\/zeit.reise\/staging\/beitraege-magazin\/ausruestung\/schlafen-ubernachtung\/bodenzelt-autodachzelt-dachzelt-zelt-freistehend-saison-zelt\/zelt-jet-tent\/#breadcrumb\"},\"inLanguage\":\"en-US\",\"potentialAction\":[{\"@type\":\"ReadAction\",\"target\":[\"https:\/\/zeit.reise\/staging\/beitraege-magazin\/ausruestung\/schlafen-ubernachtung\/bodenzelt-autodachzelt-dachzelt-zelt-freistehend-saison-zelt\/zelt-jet-tent\/\"]}]},{\"@type\":\"ImageObject\",\"inLanguage\":\"en-US\",\"@id\":\"https:\/\/zeit.reise\/staging\/beitraege-magazin\/ausruestung\/schlafen-ubernachtung\/bodenzelt-autodachzelt-dachzelt-zelt-freistehend-saison-zelt\/zelt-jet-tent\/#primaryimage\",\"url\":\"http:\/\/www.no-mads.net\/wp-content\/uploads\/Jet-Tent_F25X.jpg\",\"contentUrl\":\"http:\/\/www.no-mads.net\/wp-content\/uploads\/Jet-Tent_F25X.jpg\"},{\"@type\":\"BreadcrumbList\",\"@id\":\"https:\/\/zeit.reise\/staging\/beitraege-magazin\/ausruestung\/schlafen-ubernachtung\/bodenzelt-autodachzelt-dachzelt-zelt-freistehend-saison-zelt\/zelt-jet-tent\/#breadcrumb\",\"itemListElement\":[{\"@type\":\"ListItem\",\"position\":1,\"name\":\"Home\",\"item\":\"https:\/\/zeit.reise\/staging\/\"},{\"@type\":\"ListItem\",\"position\":2,\"name\":\"Beitr\u00e4ge | Magazin\",\"item\":\"https:\/\/zeit.reise\/staging\/beitraege-magazin\/\"},{\"@type\":\"ListItem\",\"position\":3,\"name\":\"Ausr\u00fcstung\",\"item\":\"https:\/\/zeit.reise\/staging\/beitraege-magazin\/ausruestung\/\"},{\"@type\":\"ListItem\",\"position\":4,\"name\":\"Schlafen &#8211; \u00dcbernachtung\",\"item\":\"https:\/\/zeit.reise\/staging\/beitraege-magazin\/ausruestung\/schlafen-ubernachtung\/\"},{\"@type\":\"ListItem\",\"position\":5,\"name\":\"Zelte\",\"item\":\"https:\/\/zeit.reise\/staging\/beitraege-magazin\/ausruestung\/schlafen-ubernachtung\/bodenzelt-autodachzelt-dachzelt-zelt-freistehend-saison-zelt\/\"},{\"@type\":\"ListItem\",\"position\":6,\"name\":\"Zelt Jet-Tent\"}]},{\"@type\":\"WebSite\",\"@id\":\"https:\/\/zeit.reise\/staging\/#website\",\"url\":\"https:\/\/zeit.reise\/staging\/\",\"name\":\"ZEIT.REISE\",\"description\":\"Exploring Planet Earth\",\"publisher\":{\"@id\":\"https:\/\/zeit.reise\/staging\/#organization\"},\"potentialAction\":[{\"@type\":\"SearchAction\",\"target\":{\"@type\":\"EntryPoint\",\"urlTemplate\":\"https:\/\/zeit.reise\/staging\/?s={search_term_string}\"},\"query-input\":{\"@type\":\"PropertyValueSpecification\",\"valueRequired\":true,\"valueName\":\"search_term_string\"}}],\"inLanguage\":\"en-US\"},{\"@type\":\"Organization\",\"@id\":\"https:\/\/zeit.reise\/staging\/#organization\",\"name\":\"ZEIT.REISE\",\"url\":\"https:\/\/zeit.reise\/staging\/\",\"logo\":{\"@type\":\"ImageObject\",\"inLanguage\":\"en-US\",\"@id\":\"https:\/\/zeit.reise\/staging\/#\/schema\/logo\/image\/\",\"url\":\"https:\/\/zeit.reise\/staging\/wp-content\/uploads\/2021\/11\/ZeitReise_Logo_RGB.png\",\"contentUrl\":\"https:\/\/zeit.reise\/staging\/wp-content\/uploads\/2021\/11\/ZeitReise_Logo_RGB.png\",\"width\":4215,\"height\":3887,\"caption\":\"ZEIT.REISE\"},\"image\":{\"@id\":\"https:\/\/zeit.reise\/staging\/#\/schema\/logo\/image\/\"},\"sameAs\":[\"https:\/\/www.facebook.com\/meineZEITmeineREISE\/\",\"https:\/\/x.com\/zeit_reise\",\"https:\/\/www.instagram.com\/zeit.reise_\/\",\"https:\/\/www.pinterest.at\/zeit_reise\/\",\"https:\/\/www.youtube.com\/channel\/UCYXUOAgpto2yntxx2TFronQ\"]}]}<\/script>\n<!-- \/ Yoast SEO plugin. -->","yoast_head_json":{"title":"Zelt Jet-Tent von Oz-Tent","robots":{"index":"noindex","follow":"follow","max-snippet":"max-snippet:-1","max-image-preview":"max-image-preview:large","max-video-preview":"max-video-preview:-1"},"og_locale":"en_US","og_type":"article","og_title":"Zelt Jet-Tent von Oz-Tent","og_description":"Unsere neue &#8220;Familienherberge&#8221;, ein Jet-Tent von Oz-Tent Nach unseren Erfahrungen mit einem Dachzelt und\u00a0letztj\u00e4hrigem Familienzuwachs musste eine familienfreundliche\u00a0und reisetaugliche Behausung her. Dem Kauf gingen zahlreiche \u00dcberlegungen\u00a0voraus. Wir suchten ein Zelt, welches folgende Anforderungen erf\u00fcllt: Unabh\u00e4ngige Benutzung vom Fahrzeug, um mit dem Fahrzeug Erledigungen oder Ausfl\u00fcge durchf\u00fchren zu k\u00f6nnen, ohne das ganze &#8220;Lager&#8221; abbauen zu m\u00fcssen [&hellip;]","og_url":"https:\/\/zeit.reise\/staging\/beitraege-magazin\/ausruestung\/schlafen-ubernachtung\/bodenzelt-autodachzelt-dachzelt-zelt-freistehend-saison-zelt\/zelt-jet-tent\/","og_site_name":"ZEIT.REISE","article_publisher":"https:\/\/www.facebook.com\/meineZEITmeineREISE\/","article_modified_time":"2022-03-18T12:37:52+00:00","og_image":[{"url":"http:\/\/www.no-mads.net\/wp-content\/uploads\/Jet-Tent_F25X.jpg","type":"","width":"","height":""}],"twitter_card":"summary_large_image","twitter_site":"@zeit_reise","twitter_misc":{"Est. reading time":"3 minutes"},"schema":{"@context":"https:\/\/schema.org","@graph":[{"@type":"WebPage","@id":"https:\/\/zeit.reise\/staging\/beitraege-magazin\/ausruestung\/schlafen-ubernachtung\/bodenzelt-autodachzelt-dachzelt-zelt-freistehend-saison-zelt\/zelt-jet-tent\/","url":"https:\/\/zeit.reise\/staging\/beitraege-magazin\/ausruestung\/schlafen-ubernachtung\/bodenzelt-autodachzelt-dachzelt-zelt-freistehend-saison-zelt\/zelt-jet-tent\/","name":"Zelt Jet-Tent von Oz-Tent","isPartOf":{"@id":"https:\/\/zeit.reise\/staging\/#website"},"primaryImageOfPage":{"@id":"https:\/\/zeit.reise\/staging\/beitraege-magazin\/ausruestung\/schlafen-ubernachtung\/bodenzelt-autodachzelt-dachzelt-zelt-freistehend-saison-zelt\/zelt-jet-tent\/#primaryimage"},"image":{"@id":"https:\/\/zeit.reise\/staging\/beitraege-magazin\/ausruestung\/schlafen-ubernachtung\/bodenzelt-autodachzelt-dachzelt-zelt-freistehend-saison-zelt\/zelt-jet-tent\/#primaryimage"},"thumbnailUrl":"http:\/\/www.no-mads.net\/wp-content\/uploads\/Jet-Tent_F25X.jpg","datePublished":"2012-03-08T19:54:19+00:00","dateModified":"2022-03-18T12:37:52+00:00","breadcrumb":{"@id":"https:\/\/zeit.reise\/staging\/beitraege-magazin\/ausruestung\/schlafen-ubernachtung\/bodenzelt-autodachzelt-dachzelt-zelt-freistehend-saison-zelt\/zelt-jet-tent\/#breadcrumb"},"inLanguage":"en-US","potentialAction":[{"@type":"ReadAction","target":["https:\/\/zeit.reise\/staging\/beitraege-magazin\/ausruestung\/schlafen-ubernachtung\/bodenzelt-autodachzelt-dachzelt-zelt-freistehend-saison-zelt\/zelt-jet-tent\/"]}]},{"@type":"ImageObject","inLanguage":"en-US","@id":"https:\/\/zeit.reise\/staging\/beitraege-magazin\/ausruestung\/schlafen-ubernachtung\/bodenzelt-autodachzelt-dachzelt-zelt-freistehend-saison-zelt\/zelt-jet-tent\/#primaryimage","url":"http:\/\/www.no-mads.net\/wp-content\/uploads\/Jet-Tent_F25X.jpg","contentUrl":"http:\/\/www.no-mads.net\/wp-content\/uploads\/Jet-Tent_F25X.jpg"},{"@type":"BreadcrumbList","@id":"https:\/\/zeit.reise\/staging\/beitraege-magazin\/ausruestung\/schlafen-ubernachtung\/bodenzelt-autodachzelt-dachzelt-zelt-freistehend-saison-zelt\/zelt-jet-tent\/#breadcrumb","itemListElement":[{"@type":"ListItem","position":1,"name":"Home","item":"https:\/\/zeit.reise\/staging\/"},{"@type":"ListItem","position":2,"name":"Beitr\u00e4ge | Magazin","item":"https:\/\/zeit.reise\/staging\/beitraege-magazin\/"},{"@type":"ListItem","position":3,"name":"Ausr\u00fcstung","item":"https:\/\/zeit.reise\/staging\/beitraege-magazin\/ausruestung\/"},{"@type":"ListItem","position":4,"name":"Schlafen &#8211; \u00dcbernachtung","item":"https:\/\/zeit.reise\/staging\/beitraege-magazin\/ausruestung\/schlafen-ubernachtung\/"},{"@type":"ListItem","position":5,"name":"Zelte","item":"https:\/\/zeit.reise\/staging\/beitraege-magazin\/ausruestung\/schlafen-ubernachtung\/bodenzelt-autodachzelt-dachzelt-zelt-freistehend-saison-zelt\/"},{"@type":"ListItem","position":6,"name":"Zelt Jet-Tent"}]},{"@type":"WebSite","@id":"https:\/\/zeit.reise\/staging\/#website","url":"https:\/\/zeit.reise\/staging\/","name":"ZEIT.REISE","description":"Exploring Planet Earth","publisher":{"@id":"https:\/\/zeit.reise\/staging\/#organization"},"potentialAction":[{"@type":"SearchAction","target":{"@type":"EntryPoint","urlTemplate":"https:\/\/zeit.reise\/staging\/?s={search_term_string}"},"query-input":{"@type":"PropertyValueSpecification","valueRequired":true,"valueName":"search_term_string"}}],"inLanguage":"en-US"},{"@type":"Organization","@id":"https:\/\/zeit.reise\/staging\/#organization","name":"ZEIT.REISE","url":"https:\/\/zeit.reise\/staging\/","logo":{"@type":"ImageObject","inLanguage":"en-US","@id":"https:\/\/zeit.reise\/staging\/#\/schema\/logo\/image\/","url":"https:\/\/zeit.reise\/staging\/wp-content\/uploads\/2021\/11\/ZeitReise_Logo_RGB.png","contentUrl":"https:\/\/zeit.reise\/staging\/wp-content\/uploads\/2021\/11\/ZeitReise_Logo_RGB.png","width":4215,"height":3887,"caption":"ZEIT.REISE"},"image":{"@id":"https:\/\/zeit.reise\/staging\/#\/schema\/logo\/image\/"},"sameAs":["https:\/\/www.facebook.com\/meineZEITmeineREISE\/","https:\/\/x.com\/zeit_reise","https:\/\/www.instagram.com\/zeit.reise_\/","https:\/\/www.pinterest.at\/zeit_reise\/","https:\/\/www.youtube.com\/channel\/UCYXUOAgpto2yntxx2TFronQ"]}]}},"_links":{"self":[{"href":"https:\/\/zeit.reise\/staging\/wp-json\/wp\/v2\/pages\/1508","targetHints":{"allow":["GET"]}}],"collection":[{"href":"https:\/\/zeit.reise\/staging\/wp-json\/wp\/v2\/pages"}],"about":[{"href":"https:\/\/zeit.reise\/staging\/wp-json\/wp\/v2\/types\/page"}],"author":[{"embeddable":true,"href":"https:\/\/zeit.reise\/staging\/wp-json\/wp\/v2\/users\/2"}],"replies":[{"embeddable":true,"href":"https:\/\/zeit.reise\/staging\/wp-json\/wp\/v2\/comments?post=1508"}],"version-history":[{"count":0,"href":"https:\/\/zeit.reise\/staging\/wp-json\/wp\/v2\/pages\/1508\/revisions"}],"up":[{"embeddable":true,"href":"https:\/\/zeit.reise\/staging\/wp-json\/wp\/v2\/pages\/5197"}],"wp:attachment":[{"href":"https:\/\/zeit.reise\/staging\/wp-json\/wp\/v2\/media?parent=1508"}],"curies":[{"name":"wp","href":"https:\/\/api.w.org\/{rel}","templated":true}]}}