{"id":1412,"date":"2012-02-05T09:24:18","date_gmt":"2012-02-05T08:24:18","guid":{"rendered":"http:\/\/www.webinfopoint.com\/?page_id=1412"},"modified":"2012-02-05T09:24:18","modified_gmt":"2012-02-05T08:24:18","slug":"gps-software","status":"publish","type":"page","link":"https:\/\/zeit.reise\/staging\/beitraege-magazin\/elektonik-rugged-energie-powerbar-navigation-funk-foto-video-drohne\/gps-navigation\/gps-software\/","title":{"rendered":"GPS Software"},"content":{"rendered":"<p>F\u00fcr die Planung, die Navigation unterwegs und das Bearbeiten und Verwalten von Routen, Tracks und Wegpunkten verwenden wir verschiedene GPS-Software Produkte.<\/p>\n<h1>QuoVadis<\/h1>\n<p><strong>GPS-Navigations- und Planungssoftware<\/strong> (fr\u00fcher &#8220;Touratech QV&#8221;).<\/p>\n<p>Unser standard GPS Programm. Sollten auch zus\u00e4tzlich\u00a0andere Programme zum Einsatz kommen, verwaltet werden alle Daten mit QV.<\/p>\n<p>\u00c4rgerlich ist, dass keine Garmin &#8220;NT&#8221; Karten mehr in QV verwendet werden k\u00f6nnen und dass das \u00dcbertragen von Google Earth Wegpunkten nach QV nur manuell m\u00f6glich ist.<\/p>\n<p>Link zum Hersteller:<\/p>\n<p style=\"padding-left: 30px;\"><a href=\"http:\/\/www.quovadis-gps.de\/\">http:\/\/www.quovadis-gps.de\/<\/a><\/p>\n<p>Einsatzbereich und Funktions\u00fcbersicht:<\/p>\n<p style=\"padding-left: 30px;\"><a href=\"http:\/\/www.quovadis-gps.de\/quovadis-routenplaner-software\">http:\/\/www.quovadis-gps.de\/quovadis-routenplaner-software<\/a><\/p>\n<p>Offline Rasterkarten aus Google Maps, OSM &amp; Co. f\u00fcr QV erstellen:<\/p>\n<p style=\"padding-left: 30px;\">Mobile Atlas Creator:\u00a0<a href=\"http:\/\/www.heise.de\/download\/mobile-atlas-creator.html\">http:\/\/www.heise.de\/download\/mobile-atlas-creator.html<\/a><\/p>\n<p>Export von Rasterkarten in &#8220;Garmin Custom Maps&#8221; f\u00fcr die Verwendung auf Garmin Colorado, Dakota, Oregon und Montana Ger\u00e4ten:<\/p>\n<p style=\"padding-left: 30px;\">Link zur Anleitung auf TrailTracks.de:<br \/>\n<a href=\"http:\/\/www.trailtracks.de\/index.php\/how-to\/touratech-qv\/128-ttqv-rasterkarten-export-fuer-garmin-colorado-oregon-und-dakota-genannt-garmin-custom-maps\">http:\/\/www.trailtracks.de\/index.php\/how-to\/touratech-qv\/128-ttqv-rasterkarten-export-fuer-garmin-colorado-oregon-und-dakota-genannt-garmin-custom-maps<\/a><\/p>\n<h3>QuoVadis 7<\/h3>\n<p>Im Juni 2013 ist die Version 7 von QuoVadis erschienen. Einen \u00dcberblick \u00fcber alle \u00c4nderungen seit der Version 6 findet ihr hier:\u00a0<a title=\"QuoVadis 7 GPS Software Update\" href=\"http:\/\/wiki07.quovadis-gps.com\/doku.php?id=de:05_intro:b_whatisqv\">http:\/\/wiki07.quovadis-gps.com\/doku.php?id=de:05_intro:b_whatisqv<\/a><\/p>\n<p>Speziell seit ich die Garmin NT Karten nicht mehr in QV verwenden kann verwende ich QV immer seltener (mir ist bewusst, dass Garmin daran Schuld hat und nicht QV). Fr\u00fcher habe ich fast ausschlie\u00dflich QV f\u00fcr alle Arten von GPS Funktionen verwendet, aber aus erw\u00e4hntem Grund eigentlich immer seltener. Das Upgrade von Touratec QV 4 auf QuoVadis 6 war aufgrund der Online-Kartenunterst\u00fctzung hilfreich, w\u00e4hrend ich bei der Version 7 keine Notwendigkeit f\u00fcr ein Upgrade sehe.<\/p>\n<p>Auch f\u00fcr die Anwendung unterwegs im Fahrzeug m\u00fcsste sich einiges verbessern. Ich wollte mir fr\u00fcher die Verwendung auf einem Netbook (geringe Leistung und kleiner Bildschirm) nicht antun und vermisse heute eine f\u00fcr Tablets ausgerichtete Version, welche speziell f\u00fcr Windows 8 Tablets entwickelt ist. Quasi eine Version f\u00fcr den i7, 8GB RAM PC mit 24&#8243; Bildschirm zuhause und eine Version f\u00fcr das Atom Tablet mit 10&#8243; Bildschirm und Win8 Pro f\u00fcr unterwegs.<\/p>\n<p>Ich sehe also f\u00fcr mich derzeit keinen Grund 70,&#8211; \u20ac in ein Upgrade von QV6 auf QV7 zu investieren, QV h\u00e4tte die genannten Neuerungen ruhig auch als Update f\u00fcr die Version 6 ausliefern k\u00f6nnen. Ich warte auf QuoVadis 8 &#8211; vielleicht passt ja dann QV8 zu Win8, bin gespannt. Allerdings werde ich mir auch dann sicher kein zweites Mal die Navtech karten f\u00fcr die Nutzung in QV kaufen. In der Mongolei, Kirgisistan und Island machte ich gute Erfahrungen mit Karten vom Open Street Map (OSM) Project.<\/p>\n<h1>Garmin Base Camp<\/h1>\n<p>Nachfolger von Mapsource, welches nicht mehr weiterentwickelt wird und die neuen Garmin Ger\u00e4te nicht mehr vollst\u00e4ndig unterst\u00fctzt.<\/p>\n<p><strong>Einfaches und f\u00fcr alle Standardaufgaben ausreichendes Programm<\/strong>. Wird von uns in Europa f\u00fcr Routenplanung mit Garmin City Navigator NT Karten genutzt.<\/p>\n<p><a href=\"http:\/\/www.garmin.com\">http:\/\/www.garmin.com<\/a><\/p>\n<p><strong>Garmin Express<\/strong><\/p>\n<p>Seitens Garmin wird man schon fast gezwungen von Garmin MapUpdater, WebUpdater und MapInstall auf &#8220;Garmin Express&#8221; umzusteigen. Jedoch ist Garmin Express bis auf das Firmwareupdate nicht zu gebrauchen. Map updates (Kartenupdates) funktionieren weder f\u00fcr Garmin Base Camp noch f\u00fcr mein Ger\u00e4t Garmin Montana. Also H\u00e4nde weg von Garmin Express! Sollte jemand den Fehler &#8220;An unknown transfer error\u00a0occurred&#8221; beim Kartenupdate bekommen, dann hilft folgender workaround:\u00a0Kartenupdates weiter mit MapUpdater durchf\u00fchren! Dazu sollte Garmin Express deinstalliert sein oder zumindest Garmin Express nicht in der Taskbar aktiv sein. Dann bei My Garmin anmelden und den Product-Key der zu installierenden Karte in die Zwischenablage kopieren. MapUpdater starten und die Auswahl Product-Key verwenden weiter gehen. Product-Key eingeben und dem Assistenten folgen. Bei Fragen einfach einen Kommentar hinterlassen.<\/p>\n<p>Download Garmin MapUpdater:\u00a0<a title=\"Garmin MapUpdater\" href=\"http:\/\/download.garmin.com\/lmu\/GarminMapUpdater.exe\">http:\/\/<em>download<\/em>.<em>garmin<\/em>.com\/lmu\/<em>GarminMapUpdater<\/em>.exe<\/a><\/p>\n<h1>Google Earth<\/h1>\n<p><strong>Satellitenbilder, Karten, Gel\u00e4ndeformationen<\/strong><\/p>\n<p>Google Earth ist speziell in der Planungsphase einer Reise extrem hilfreich. Die Gel\u00e4ndeeinsch\u00e4tzung und somit die\u00a0Machbarkeit von Routen ist f\u00fcr die Zusammenstellung einer mehrw\u00f6chigen Reiseroute von enormer Wichtigkeit. Auch das Absch\u00e4tzen der Fahrzeiten aufgrund des Gel\u00e4ndes ist von enormer Bedeutung.<\/p>\n<p>Zus\u00e4tzlich sind die Informationen \u00fcber Sehensw\u00fcridgkeiten, Adressen, Photos etc. eine gro\u00dfe Hilfe und steigern die Vorfreude auf die n\u00e4chste Tour.<\/p>\n<p><a href=\"http:\/\/www.google.com\">http:\/\/www.google.com<\/a><\/p>\n<p>Speziell f\u00fcr L\u00e4nder f\u00fcr die noch keine brauchbaren digitalen Karten wie z.B. von OSM etc. verf\u00fcgbar sind, ist unterwegs der Einsatz von Goolge Earth am Notebook eine \u00e4u\u00dferst hilfreiche Sache. Damit dies ohne UMTS Empfang\u00a0und horenden Roaming Geb\u00fchren auch offline funktioniert, gibt es folgendes Tool:<\/p>\n<p style=\"padding-left: 30px;\">Cache for Google Earth: <a href=\"http:\/\/www.coipos.com\">http:\/\/www.coipos.com<\/a><\/p>\n<p>Zur Positionsbestimmung in Goolge Earth eignet sich folgendes Tool:<\/p>\n<p style=\"padding-left: 30px;\">GPS for Google Earth: <a href=\"http:\/\/www.coipos.com\/de\/gge.php\">http:\/\/www.coipos.com\/de\/gge.php<\/a><\/p>\n<p>&nbsp;<\/p>\n","protected":false},"excerpt":{"rendered":"<p>F\u00fcr die Planung, die Navigation unterwegs und das Bearbeiten und Verwalten von Routen, Tracks und Wegpunkten verwenden wir verschiedene GPS-Software Produkte. QuoVadis GPS-Navigations- und Planungssoftware (fr\u00fcher &#8220;Touratech QV&#8221;). Unser standard GPS Programm. Sollten auch zus\u00e4tzlich\u00a0andere Programme zum Einsatz kommen, verwaltet werden alle Daten mit QV. \u00c4rgerlich ist, dass keine Garmin &#8220;NT&#8221; Karten mehr in QV [&hellip;]<\/p>\n","protected":false},"author":2,"featured_media":0,"parent":1431,"menu_order":0,"comment_status":"open","ping_status":"closed","template":"","meta":{"footnotes":""},"class_list":["post-1412","page","type-page","status-publish","hentry"],"yoast_head":"<!-- This site is optimized with the Yoast SEO plugin v26.6 - https:\/\/yoast.com\/wordpress\/plugins\/seo\/ -->\n<title>GPS Software - Karten, Routing, Tracks, Offroad Reisen<\/title>\n<meta name=\"description\" content=\"GPS Software f\u00fcr Offroad 4x4 Touren und Reisen. Reiseplanung, Routing, Kartenimport und Kartenverwaltung, Tracks, Wegpunkte etc.\" \/>\n<meta name=\"robots\" content=\"noindex, follow, max-snippet:-1, max-image-preview:large, max-video-preview:-1\" \/>\n<meta property=\"og:locale\" content=\"en_US\" \/>\n<meta property=\"og:type\" content=\"article\" \/>\n<meta property=\"og:title\" content=\"GPS Software - Karten, Routing, Tracks, Offroad Reisen\" \/>\n<meta property=\"og:description\" content=\"GPS Software f\u00fcr Offroad 4x4 Touren und Reisen. Reiseplanung, Routing, Kartenimport und Kartenverwaltung, Tracks, Wegpunkte etc.\" \/>\n<meta property=\"og:url\" content=\"https:\/\/zeit.reise\/staging\/beitraege-magazin\/elektonik-rugged-energie-powerbar-navigation-funk-foto-video-drohne\/gps-navigation\/gps-software\/\" \/>\n<meta property=\"og:site_name\" content=\"ZEIT.REISE\" \/>\n<meta property=\"article:publisher\" content=\"https:\/\/www.facebook.com\/meineZEITmeineREISE\/\" \/>\n<meta name=\"twitter:card\" content=\"summary_large_image\" \/>\n<meta name=\"twitter:site\" content=\"@zeit_reise\" \/>\n<meta name=\"twitter:label1\" content=\"Est. reading time\" \/>\n\t<meta name=\"twitter:data1\" content=\"4 minutes\" \/>\n<script type=\"application\/ld+json\" class=\"yoast-schema-graph\">{\"@context\":\"https:\/\/schema.org\",\"@graph\":[{\"@type\":\"WebPage\",\"@id\":\"https:\/\/zeit.reise\/staging\/beitraege-magazin\/elektonik-rugged-energie-powerbar-navigation-funk-foto-video-drohne\/gps-navigation\/gps-software\/\",\"url\":\"https:\/\/zeit.reise\/staging\/beitraege-magazin\/elektonik-rugged-energie-powerbar-navigation-funk-foto-video-drohne\/gps-navigation\/gps-software\/\",\"name\":\"GPS Software - Karten, Routing, Tracks, Offroad Reisen\",\"isPartOf\":{\"@id\":\"https:\/\/zeit.reise\/staging\/#website\"},\"datePublished\":\"2012-02-05T08:24:18+00:00\",\"description\":\"GPS Software f\u00fcr Offroad 4x4 Touren und Reisen. Reiseplanung, Routing, Kartenimport und Kartenverwaltung, Tracks, Wegpunkte etc.\",\"breadcrumb\":{\"@id\":\"https:\/\/zeit.reise\/staging\/beitraege-magazin\/elektonik-rugged-energie-powerbar-navigation-funk-foto-video-drohne\/gps-navigation\/gps-software\/#breadcrumb\"},\"inLanguage\":\"en-US\",\"potentialAction\":[{\"@type\":\"ReadAction\",\"target\":[\"https:\/\/zeit.reise\/staging\/beitraege-magazin\/elektonik-rugged-energie-powerbar-navigation-funk-foto-video-drohne\/gps-navigation\/gps-software\/\"]}]},{\"@type\":\"BreadcrumbList\",\"@id\":\"https:\/\/zeit.reise\/staging\/beitraege-magazin\/elektonik-rugged-energie-powerbar-navigation-funk-foto-video-drohne\/gps-navigation\/gps-software\/#breadcrumb\",\"itemListElement\":[{\"@type\":\"ListItem\",\"position\":1,\"name\":\"Home\",\"item\":\"https:\/\/zeit.reise\/staging\/\"},{\"@type\":\"ListItem\",\"position\":2,\"name\":\"Beitr\u00e4ge | Magazin\",\"item\":\"https:\/\/zeit.reise\/staging\/beitraege-magazin\/\"},{\"@type\":\"ListItem\",\"position\":3,\"name\":\"PC, Foto, Navigation, Elektronik, Funk\",\"item\":\"https:\/\/zeit.reise\/staging\/beitraege-magazin\/elektonik-rugged-energie-powerbar-navigation-funk-foto-video-drohne\/\"},{\"@type\":\"ListItem\",\"position\":4,\"name\":\"GPS Navigation\",\"item\":\"https:\/\/zeit.reise\/staging\/beitraege-magazin\/elektonik-rugged-energie-powerbar-navigation-funk-foto-video-drohne\/gps-navigation\/\"},{\"@type\":\"ListItem\",\"position\":5,\"name\":\"GPS Software\"}]},{\"@type\":\"WebSite\",\"@id\":\"https:\/\/zeit.reise\/staging\/#website\",\"url\":\"https:\/\/zeit.reise\/staging\/\",\"name\":\"ZEIT.REISE\",\"description\":\"Exploring Planet Earth\",\"publisher\":{\"@id\":\"https:\/\/zeit.reise\/staging\/#organization\"},\"potentialAction\":[{\"@type\":\"SearchAction\",\"target\":{\"@type\":\"EntryPoint\",\"urlTemplate\":\"https:\/\/zeit.reise\/staging\/?s={search_term_string}\"},\"query-input\":{\"@type\":\"PropertyValueSpecification\",\"valueRequired\":true,\"valueName\":\"search_term_string\"}}],\"inLanguage\":\"en-US\"},{\"@type\":\"Organization\",\"@id\":\"https:\/\/zeit.reise\/staging\/#organization\",\"name\":\"ZEIT.REISE\",\"url\":\"https:\/\/zeit.reise\/staging\/\",\"logo\":{\"@type\":\"ImageObject\",\"inLanguage\":\"en-US\",\"@id\":\"https:\/\/zeit.reise\/staging\/#\/schema\/logo\/image\/\",\"url\":\"https:\/\/zeit.reise\/staging\/wp-content\/uploads\/2021\/11\/ZeitReise_Logo_RGB.png\",\"contentUrl\":\"https:\/\/zeit.reise\/staging\/wp-content\/uploads\/2021\/11\/ZeitReise_Logo_RGB.png\",\"width\":4215,\"height\":3887,\"caption\":\"ZEIT.REISE\"},\"image\":{\"@id\":\"https:\/\/zeit.reise\/staging\/#\/schema\/logo\/image\/\"},\"sameAs\":[\"https:\/\/www.facebook.com\/meineZEITmeineREISE\/\",\"https:\/\/x.com\/zeit_reise\",\"https:\/\/www.instagram.com\/zeit.reise_\/\",\"https:\/\/www.pinterest.at\/zeit_reise\/\",\"https:\/\/www.youtube.com\/channel\/UCYXUOAgpto2yntxx2TFronQ\"]}]}<\/script>\n<!-- \/ Yoast SEO plugin. -->","yoast_head_json":{"title":"GPS Software - Karten, Routing, Tracks, Offroad Reisen","description":"GPS Software f\u00fcr Offroad 4x4 Touren und Reisen. Reiseplanung, Routing, Kartenimport und Kartenverwaltung, Tracks, Wegpunkte etc.","robots":{"index":"noindex","follow":"follow","max-snippet":"max-snippet:-1","max-image-preview":"max-image-preview:large","max-video-preview":"max-video-preview:-1"},"og_locale":"en_US","og_type":"article","og_title":"GPS Software - Karten, Routing, Tracks, Offroad Reisen","og_description":"GPS Software f\u00fcr Offroad 4x4 Touren und Reisen. Reiseplanung, Routing, Kartenimport und Kartenverwaltung, Tracks, Wegpunkte etc.","og_url":"https:\/\/zeit.reise\/staging\/beitraege-magazin\/elektonik-rugged-energie-powerbar-navigation-funk-foto-video-drohne\/gps-navigation\/gps-software\/","og_site_name":"ZEIT.REISE","article_publisher":"https:\/\/www.facebook.com\/meineZEITmeineREISE\/","twitter_card":"summary_large_image","twitter_site":"@zeit_reise","twitter_misc":{"Est. reading time":"4 minutes"},"schema":{"@context":"https:\/\/schema.org","@graph":[{"@type":"WebPage","@id":"https:\/\/zeit.reise\/staging\/beitraege-magazin\/elektonik-rugged-energie-powerbar-navigation-funk-foto-video-drohne\/gps-navigation\/gps-software\/","url":"https:\/\/zeit.reise\/staging\/beitraege-magazin\/elektonik-rugged-energie-powerbar-navigation-funk-foto-video-drohne\/gps-navigation\/gps-software\/","name":"GPS Software - Karten, Routing, Tracks, Offroad Reisen","isPartOf":{"@id":"https:\/\/zeit.reise\/staging\/#website"},"datePublished":"2012-02-05T08:24:18+00:00","description":"GPS Software f\u00fcr Offroad 4x4 Touren und Reisen. Reiseplanung, Routing, Kartenimport und Kartenverwaltung, Tracks, Wegpunkte etc.","breadcrumb":{"@id":"https:\/\/zeit.reise\/staging\/beitraege-magazin\/elektonik-rugged-energie-powerbar-navigation-funk-foto-video-drohne\/gps-navigation\/gps-software\/#breadcrumb"},"inLanguage":"en-US","potentialAction":[{"@type":"ReadAction","target":["https:\/\/zeit.reise\/staging\/beitraege-magazin\/elektonik-rugged-energie-powerbar-navigation-funk-foto-video-drohne\/gps-navigation\/gps-software\/"]}]},{"@type":"BreadcrumbList","@id":"https:\/\/zeit.reise\/staging\/beitraege-magazin\/elektonik-rugged-energie-powerbar-navigation-funk-foto-video-drohne\/gps-navigation\/gps-software\/#breadcrumb","itemListElement":[{"@type":"ListItem","position":1,"name":"Home","item":"https:\/\/zeit.reise\/staging\/"},{"@type":"ListItem","position":2,"name":"Beitr\u00e4ge | Magazin","item":"https:\/\/zeit.reise\/staging\/beitraege-magazin\/"},{"@type":"ListItem","position":3,"name":"PC, Foto, Navigation, Elektronik, Funk","item":"https:\/\/zeit.reise\/staging\/beitraege-magazin\/elektonik-rugged-energie-powerbar-navigation-funk-foto-video-drohne\/"},{"@type":"ListItem","position":4,"name":"GPS Navigation","item":"https:\/\/zeit.reise\/staging\/beitraege-magazin\/elektonik-rugged-energie-powerbar-navigation-funk-foto-video-drohne\/gps-navigation\/"},{"@type":"ListItem","position":5,"name":"GPS Software"}]},{"@type":"WebSite","@id":"https:\/\/zeit.reise\/staging\/#website","url":"https:\/\/zeit.reise\/staging\/","name":"ZEIT.REISE","description":"Exploring Planet Earth","publisher":{"@id":"https:\/\/zeit.reise\/staging\/#organization"},"potentialAction":[{"@type":"SearchAction","target":{"@type":"EntryPoint","urlTemplate":"https:\/\/zeit.reise\/staging\/?s={search_term_string}"},"query-input":{"@type":"PropertyValueSpecification","valueRequired":true,"valueName":"search_term_string"}}],"inLanguage":"en-US"},{"@type":"Organization","@id":"https:\/\/zeit.reise\/staging\/#organization","name":"ZEIT.REISE","url":"https:\/\/zeit.reise\/staging\/","logo":{"@type":"ImageObject","inLanguage":"en-US","@id":"https:\/\/zeit.reise\/staging\/#\/schema\/logo\/image\/","url":"https:\/\/zeit.reise\/staging\/wp-content\/uploads\/2021\/11\/ZeitReise_Logo_RGB.png","contentUrl":"https:\/\/zeit.reise\/staging\/wp-content\/uploads\/2021\/11\/ZeitReise_Logo_RGB.png","width":4215,"height":3887,"caption":"ZEIT.REISE"},"image":{"@id":"https:\/\/zeit.reise\/staging\/#\/schema\/logo\/image\/"},"sameAs":["https:\/\/www.facebook.com\/meineZEITmeineREISE\/","https:\/\/x.com\/zeit_reise","https:\/\/www.instagram.com\/zeit.reise_\/","https:\/\/www.pinterest.at\/zeit_reise\/","https:\/\/www.youtube.com\/channel\/UCYXUOAgpto2yntxx2TFronQ"]}]}},"_links":{"self":[{"href":"https:\/\/zeit.reise\/staging\/wp-json\/wp\/v2\/pages\/1412","targetHints":{"allow":["GET"]}}],"collection":[{"href":"https:\/\/zeit.reise\/staging\/wp-json\/wp\/v2\/pages"}],"about":[{"href":"https:\/\/zeit.reise\/staging\/wp-json\/wp\/v2\/types\/page"}],"author":[{"embeddable":true,"href":"https:\/\/zeit.reise\/staging\/wp-json\/wp\/v2\/users\/2"}],"replies":[{"embeddable":true,"href":"https:\/\/zeit.reise\/staging\/wp-json\/wp\/v2\/comments?post=1412"}],"version-history":[{"count":0,"href":"https:\/\/zeit.reise\/staging\/wp-json\/wp\/v2\/pages\/1412\/revisions"}],"up":[{"embeddable":true,"href":"https:\/\/zeit.reise\/staging\/wp-json\/wp\/v2\/pages\/1431"}],"wp:attachment":[{"href":"https:\/\/zeit.reise\/staging\/wp-json\/wp\/v2\/media?parent=1412"}],"curies":[{"name":"wp","href":"https:\/\/api.w.org\/{rel}","templated":true}]}}